CRAN Package Check Results for Package polywog

Last updated on 2025-11-28 12:48:46 CET.

Flavor Version Tinstall Tcheck Ttotal Status Flags
r-devel-linux-x86_64-debian-clang 0.4-2 36.92 78.63 115.55 OK
r-devel-linux-x86_64-debian-gcc 0.4-2 24.69 57.68 82.37 OK
r-devel-linux-x86_64-fedora-clang 0.4-2 70.00 125.22 195.22 OK
r-devel-linux-x86_64-fedora-gcc 0.4-2 130.00 64.37 194.37 OK
r-devel-windows-x86_64 0.4-2 58.00 114.00 172.00 OK
r-patched-linux-x86_64 0.4-2 39.46 73.99 113.45 OK
r-release-linux-x86_64 0.4-2 35.05 74.33 109.38 OK
r-release-macos-arm64 0.4-2 OK
r-release-macos-x86_64 0.4-2 32.00 90.00 122.00 OK
r-release-windows-x86_64 0.4-2 45.00 103.00 148.00 OK
r-oldrel-macos-arm64 0.4-2 OK
r-oldrel-macos-x86_64 0.4-2 31.00 57.00 88.00 WARN
r-oldrel-windows-x86_64 0.4-2 56.00 129.00 185.00 OK

Check Details

Version: 0.4-2
Check: Rd files
Result: WARN cv.polywog.Rd: Sections \title, and \name must exist and be unique in Rd files margEff.polywog.Rd: Sections \title, and \name must exist and be unique in Rd files model.frame.polywog.Rd: Sections \title, and \name must exist and be unique in Rd files model.matrix.polywog.Rd: Sections \title, and \name must exist and be unique in Rd files plot.margEff.polywog.Rd: Sections \title, and \name must exist and be unique in Rd files plot.polywog.Rd: Sections \title, and \name must exist and be unique in Rd files polywog-package.Rd: Sections \title, and \name must exist and be unique in Rd files Error writing to connection: No space left on device Error writing to connection: No space left on device predict.polywog.Rd: Sections \title, and \name must exist and be unique in Rd files summary.margEff.polywog.Rd: Sections \title, and \name must exist and be unique in Rd files summary.polywog.Rd: Sections \title, and \name must exist and be unique in Rd files problems found in ‘cv.polywog.Rd’, ‘margEff.polywog.Rd’, ‘model.frame.polywog.Rd’, ‘model.matrix.polywog.Rd’, ‘plot.margEff.polywog.Rd’, ‘plot.polywog.Rd’, ‘polywog-package.Rd’, ‘polywog.Rd’, ‘predVals.Rd’, ‘predict.polywog.Rd’, ‘summary.margEff.polywog.Rd’, ‘summary.polywog.Rd’ Flavor: r-oldrel-macos-x86_64

mirror server hosted at Truenetwork, Russian Federation.