Last updated on 2025-11-04 05:51:20 CET.
| Flavor | Version | Tinstall | Tcheck | Ttotal | Status | Flags | 
|---|---|---|---|---|---|---|
| r-devel-linux-x86_64-debian-clang | 2.0.0 | 51.73 | 139.64 | 191.37 | OK | |
| r-devel-linux-x86_64-debian-gcc | 2.0.0 | 40.47 | 101.20 | 141.67 | OK | |
| r-devel-linux-x86_64-fedora-clang | 2.0.0 | 334.00 | 16.43 | 350.43 | OK | |
| r-devel-linux-x86_64-fedora-gcc | 2.0.0 | 97.00 | 235.89 | 332.89 | OK | |
| r-devel-windows-x86_64 | 2.0.0 | 59.00 | 177.00 | 236.00 | OK | |
| r-patched-linux-x86_64 | 2.0.0 | 59.94 | 108.66 | 168.60 | OK | |
| r-release-linux-x86_64 | 2.0.0 | 59.62 | 135.18 | 194.80 | OK | |
| r-release-macos-arm64 | 2.0.0 | 20.00 | 77.00 | 97.00 | OK | |
| r-release-macos-x86_64 | 2.0.0 | 21.00 | 144.00 | 165.00 | OK | |
| r-release-windows-x86_64 | 2.0.0 | 60.00 | 173.00 | 233.00 | OK | |
| r-oldrel-macos-arm64 | 2.0.0 | 23.00 | 72.00 | 95.00 | NOTE | |
| r-oldrel-macos-x86_64 | 2.0.0 | 21.00 | 108.00 | 129.00 | NOTE | |
| r-oldrel-windows-x86_64 | 2.0.0 | 59.00 | 220.00 | 279.00 | NOTE | 
Version: 2.0.0
Check: installed package size
Result: NOTE
    installed size is  7.1Mb
    sub-directories of 1Mb or more:
      extdata   2.8Mb
      libs      2.8Mb
Flavors: r-oldrel-macos-arm64, r-oldrel-macos-x86_64, r-oldrel-windows-x86_64