Last updated on 2025-11-04 11:52:38 CET.
| Flavor | Version | Tinstall | Tcheck | Ttotal | Status | Flags | 
|---|---|---|---|---|---|---|
| r-devel-linux-x86_64-debian-clang | 0.8.9 | 20.02 | 267.19 | 287.21 | NOTE | |
| r-devel-linux-x86_64-debian-gcc | 0.8.9 | 14.10 | 174.80 | 188.90 | NOTE | |
| r-devel-linux-x86_64-fedora-clang | 0.8.9 | 51.00 | 404.96 | 455.96 | NOTE | |
| r-devel-linux-x86_64-fedora-gcc | 0.8.9 | 46.00 | 361.45 | 407.45 | NOTE | |
| r-devel-windows-x86_64 | 0.8.9 | 29.00 | 253.00 | 282.00 | NOTE | |
| r-patched-linux-x86_64 | 0.8.9 | 22.79 | 230.65 | 253.44 | NOTE | |
| r-release-linux-x86_64 | 0.8.9 | 21.85 | 230.53 | 252.38 | NOTE | |
| r-release-macos-arm64 | 0.8.9 | 9.00 | 101.00 | 110.00 | NOTE | |
| r-release-macos-x86_64 | 0.8.9 | 19.00 | 195.00 | 214.00 | NOTE | |
| r-release-windows-x86_64 | 0.8.9 | 29.00 | 246.00 | 275.00 | NOTE | |
| r-oldrel-macos-arm64 | 0.8.9 | 9.00 | 89.00 | 98.00 | NOTE | |
| r-oldrel-macos-x86_64 | 0.8.9 | 15.00 | 156.00 | 171.00 | NOTE | |
| r-oldrel-windows-x86_64 | 0.8.9 | 35.00 | 319.00 | 354.00 | OK | 
Version: 0.8.9
Check: DESCRIPTION meta-information
Result: NOTE
    Missing dependency on R >= 4.1.0 because package code uses the pipe
    |> or function shorthand \(...) syntax added in R 4.1.0.
    File(s) using such syntax:
      ‘hits.R’ ‘size.R’ ‘utils.R’
Flavors: r-devel-linux-x86_64-debian-clang, r-devel-linux-x86_64-debian-gcc, r-devel-linux-x86_64-fedora-clang, r-devel-linux-x86_64-fedora-gcc, r-devel-windows-x86_64, r-patched-linux-x86_64, r-release-linux-x86_64, r-release-macos-arm64, r-release-macos-x86_64, r-release-windows-x86_64
Version: 0.8.9
Check: installed package size
Result: NOTE
    installed size is  5.2Mb
    sub-directories of 1Mb or more:
      R         2.1Mb
      extdata   1.9Mb
Flavors: r-oldrel-macos-arm64, r-oldrel-macos-x86_64