Last updated on 2025-11-04 11:52:38 CET.
| Flavor | Version | Tinstall | Tcheck | Ttotal | Status | Flags | 
|---|---|---|---|---|---|---|
| r-devel-linux-x86_64-debian-clang | 0.3.5 | 4.43 | 25.57 | 30.00 | NOTE | |
| r-devel-linux-x86_64-debian-gcc | 0.3.5 | 3.63 | 19.72 | 23.35 | NOTE | |
| r-devel-linux-x86_64-fedora-clang | 0.3.5 | 10.00 | 34.32 | 44.32 | OK | |
| r-devel-linux-x86_64-fedora-gcc | 0.3.5 | 42.07 | OK | |||
| r-devel-windows-x86_64 | 0.3.5 | 5.00 | 43.00 | 48.00 | OK | |
| r-patched-linux-x86_64 | 0.3.5 | 4.68 | 24.07 | 28.75 | OK | |
| r-release-linux-x86_64 | 0.3.5 | 4.93 | 24.07 | 29.00 | OK | |
| r-release-macos-arm64 | 0.3.5 | 3.00 | 16.00 | 19.00 | OK | |
| r-release-macos-x86_64 | 0.3.5 | 5.00 | 27.00 | 32.00 | OK | |
| r-release-windows-x86_64 | 0.3.5 | 5.00 | 41.00 | 46.00 | OK | |
| r-oldrel-macos-arm64 | 0.3.5 | 4.00 | 19.00 | 23.00 | OK | |
| r-oldrel-macos-x86_64 | 0.3.5 | 6.00 | 23.00 | 29.00 | OK | |
| r-oldrel-windows-x86_64 | 0.3.5 | 6.00 | 50.00 | 56.00 | OK | 
Version: 0.3.5
Check: CRAN incoming feasibility
Result: NOTE
  Maintainer: ‘Paul Evangelista <paul.evangelista@westpoint.edu>’
  
  No Authors@R field in DESCRIPTION.
  Please add one, modifying
    Authors@R: c(person(given = "\"Paul",
                        family = "Evangelista",
                        role = "aut",
                        email = "paul.evangelista@westpoint.edu"),
                 person(given = "Dave",
                        family = "Beskow\"",
                        role = "aut",
                        email = "david.beskow@westpoint.edu"),
                 person(given = "Paul",
                        family = "Evangelista",
                        role = "cre",
                        email = "paul.evangelista@westpoint.edu"))
  as necessary.
Flavors: r-devel-linux-x86_64-debian-clang, r-devel-linux-x86_64-debian-gcc