Last updated on 2025-05-21 18:50:00 CEST.
Flavor | Version | Tinstall | Tcheck | Ttotal | Status | Flags |
---|---|---|---|---|---|---|
r-devel-linux-x86_64-debian-clang | 1.3.0 | 10.83 | 67.60 | 78.43 | NOTE | |
r-devel-linux-x86_64-debian-gcc | 1.3.0 | 6.52 | 48.06 | 54.58 | NOTE | |
r-devel-linux-x86_64-fedora-clang | 1.3.0 | 122.69 | OK | |||
r-devel-linux-x86_64-fedora-gcc | 1.3.0 | 115.83 | OK | |||
r-devel-windows-x86_64 | 1.3.0 | 12.00 | 90.00 | 102.00 | OK | |
r-patched-linux-x86_64 | 1.3.0 | 10.47 | 63.54 | 74.01 | OK | |
r-release-linux-x86_64 | 1.3.0 | 10.32 | 63.35 | 73.67 | OK | |
r-release-macos-arm64 | 1.3.0 | 34.00 | OK | |||
r-release-macos-x86_64 | 1.3.0 | 57.00 | OK | |||
r-release-windows-x86_64 | 1.3.0 | 12.00 | 79.00 | 91.00 | OK | |
r-oldrel-macos-arm64 | 1.3.0 | 33.00 | OK | |||
r-oldrel-macos-x86_64 | 1.3.0 | 50.00 | OK | |||
r-oldrel-windows-x86_64 | 1.3.0 | 15.00 | 96.00 | 111.00 | OK |
Version: 1.3.0
Check: CRAN incoming feasibility
Result: NOTE
Maintainer: ‘Michaela Dvorzak <m.dvorzak@gmx.at>’
Package CITATION file contains call(s) to old-style personList() or
as.personList(). Please use c() on person objects instead.
Package CITATION file contains call(s) to old-style citEntry(). Please
use bibentry() instead.
Flavors: r-devel-linux-x86_64-debian-clang, r-devel-linux-x86_64-debian-gcc