Last updated on 2025-11-04 05:51:20 CET.
| Flavor | Version | Tinstall | Tcheck | Ttotal | Status | Flags | 
|---|---|---|---|---|---|---|
| r-devel-linux-x86_64-debian-clang | 1.2.5.1 | 3.98 | 33.03 | 37.01 | NOTE | |
| r-devel-linux-x86_64-debian-gcc | 1.2.5.1 | 2.91 | 25.27 | 28.18 | NOTE | |
| r-devel-linux-x86_64-fedora-clang | 1.2.5.1 | 54.72 | NOTE | |||
| r-devel-linux-x86_64-fedora-gcc | 1.2.5.1 | 52.52 | NOTE | |||
| r-devel-windows-x86_64 | 1.2.5.1 | 4.00 | 53.00 | 57.00 | NOTE | |
| r-patched-linux-x86_64 | 1.2.5.1 | 4.17 | 31.24 | 35.41 | NOTE | |
| r-release-linux-x86_64 | 1.2.5.1 | 3.40 | 31.20 | 34.60 | NOTE | |
| r-release-macos-arm64 | 1.2.5.1 | 2.00 | 21.00 | 23.00 | NOTE | |
| r-release-macos-x86_64 | 1.2.5.1 | 3.00 | 31.00 | 34.00 | NOTE | |
| r-release-windows-x86_64 | 1.2.5.1 | 4.00 | 52.00 | 56.00 | NOTE | |
| r-oldrel-macos-arm64 | 1.2.5.1 | 2.00 | 22.00 | 24.00 | NOTE | |
| r-oldrel-macos-x86_64 | 1.2.5.1 | 3.00 | 25.00 | 28.00 | NOTE | |
| r-oldrel-windows-x86_64 | 1.2.5.1 | 4.00 | 51.00 | 55.00 | NOTE | 
Version: 1.2.5.1
Check: CRAN incoming feasibility
Result: NOTE
  Maintainer: ‘Paul H. Lee <honglee@graduate.hku.hk>’
  
  No Authors@R field in DESCRIPTION.
  Please add one, modifying
    Authors@R: c(person(given = c("Paul", "H."),
                        family = "Lee",
                        role = c("aut", "cre"),
                        email = "honglee@graduate.hku.hk"),
                 person(given = c("Philip", "L.", "H."),
                        family = "Yu",
                        role = "aut"))
  as necessary.
Flavors: r-devel-linux-x86_64-debian-clang, r-devel-linux-x86_64-debian-gcc
Version: 1.2.5.1
Check: Rd files
Result: NOTE
  checkRd: (-1) ahp.Rd:16: Lost braces; missing escapes or markup?
      16 | an ``A'' matrix. It should be a square matrix with diagonal values equal 1 and $a_{ij} = 1/a_{ij}$.
         |                                                                                   ^
  checkRd: (-1) ahp.Rd:16: Lost braces; missing escapes or markup?
      16 | an ``A'' matrix. It should be a square matrix with diagonal values equal 1 and $a_{ij} = 1/a_{ij}$.
         |                                                                                              ^
Flavors: r-devel-linux-x86_64-debian-clang, r-devel-linux-x86_64-debian-gcc, r-devel-linux-x86_64-fedora-clang, r-devel-linux-x86_64-fedora-gcc, r-devel-windows-x86_64, r-patched-linux-x86_64, r-release-linux-x86_64, r-release-macos-arm64, r-release-macos-x86_64, r-release-windows-x86_64, r-oldrel-macos-arm64, r-oldrel-macos-x86_64, r-oldrel-windows-x86_64