CRAN Package Check Results for Package plumberDeploy

Last updated on 2025-11-28 12:48:46 CET.

Flavor Version Tinstall Tcheck Ttotal Status Flags
r-devel-linux-x86_64-debian-clang 0.2.1 1.82 21.23 23.05 OK
r-devel-linux-x86_64-debian-gcc 0.2.1 1.59 17.84 19.43 OK
r-devel-linux-x86_64-fedora-clang 0.2.1 32.62 NOTE
r-devel-linux-x86_64-fedora-gcc 0.2.1 31.98 NOTE
r-devel-windows-x86_64 0.2.1 5.00 38.00 43.00 OK
r-patched-linux-x86_64 0.2.1 2.04 18.91 20.95 OK
r-release-linux-x86_64 0.2.1 1.98 18.84 20.82 OK
r-release-macos-arm64 0.2.1 OK
r-release-macos-x86_64 0.2.1 2.00 24.00 26.00 OK
r-release-windows-x86_64 0.2.1 4.00 45.00 49.00 OK
r-oldrel-macos-arm64 0.2.1 NOTE
r-oldrel-macos-x86_64 0.2.1 2.00 19.00 21.00 NOTE
r-oldrel-windows-x86_64 0.2.1 4.00 44.00 48.00 NOTE

Check Details

Version: 0.2.1
Check: dependencies in R code
Result: NOTE Namespace in Imports field not imported from: ‘ssh’ All declared Imports should be used. Flavors: r-devel-linux-x86_64-fedora-clang, r-devel-linux-x86_64-fedora-gcc

Version: 0.2.1
Check: LazyData
Result: NOTE 'LazyData' is specified without a 'data' directory Flavors: r-oldrel-macos-arm64, r-oldrel-macos-x86_64, r-oldrel-windows-x86_64

mirror server hosted at Truenetwork, Russian Federation.