Last updated on 2025-05-23 12:49:35 CEST.
Flavor | Version | Tinstall | Tcheck | Ttotal | Status | Flags |
---|---|---|---|---|---|---|
r-devel-linux-x86_64-debian-clang | 0.3.0 | 7.09 | 36.07 | 43.16 | NOTE | |
r-devel-linux-x86_64-debian-gcc | 0.3.0 | 5.45 | 28.07 | 33.52 | NOTE | |
r-devel-linux-x86_64-fedora-clang | 0.3.0 | 64.41 | NOTE | |||
r-devel-linux-x86_64-fedora-gcc | 0.3.0 | 61.57 | NOTE | |||
r-devel-windows-x86_64 | 0.3.0 | 9.00 | 83.00 | 92.00 | NOTE | |
r-patched-linux-x86_64 | 0.3.0 | 7.47 | 33.75 | 41.22 | NOTE | |
r-release-linux-x86_64 | 0.3.0 | 6.88 | 34.01 | 40.89 | NOTE | |
r-release-macos-arm64 | 0.3.0 | 29.00 | NOTE | |||
r-release-macos-x86_64 | 0.3.0 | 44.00 | NOTE | |||
r-release-windows-x86_64 | 0.3.0 | 8.00 | 75.00 | 83.00 | NOTE | |
r-oldrel-macos-arm64 | 0.3.0 | 26.00 | NOTE | |||
r-oldrel-macos-x86_64 | 0.3.0 | 34.00 | NOTE | |||
r-oldrel-windows-x86_64 | 0.3.0 | 12.00 | 61.00 | 73.00 | NOTE |
Version: 0.3.0
Check: Rd files
Result: NOTE
checkRd: (-1) plu_more.Rd:16: Lost braces; missing escapes or markup?
16 | Additional arguments are replaced with "{n} more".
| ^
Flavors: r-devel-linux-x86_64-debian-clang, r-devel-linux-x86_64-debian-gcc, r-devel-linux-x86_64-fedora-clang, r-devel-linux-x86_64-fedora-gcc, r-devel-windows-x86_64, r-patched-linux-x86_64, r-release-linux-x86_64, r-release-macos-arm64, r-release-macos-x86_64, r-release-windows-x86_64, r-oldrel-macos-arm64, r-oldrel-macos-x86_64, r-oldrel-windows-x86_64