Last updated on 2025-05-22 12:50:08 CEST.
Flavor | Version | Tinstall | Tcheck | Ttotal | Status | Flags |
---|---|---|---|---|---|---|
r-devel-linux-x86_64-debian-clang | 0.3-2 | 3.05 | 34.57 | 37.62 | NOTE | |
r-devel-linux-x86_64-debian-gcc | 0.3-2 | 2.49 | 26.65 | 29.14 | NOTE | |
r-devel-linux-x86_64-fedora-clang | 0.3-2 | 58.48 | OK | |||
r-devel-linux-x86_64-fedora-gcc | 0.3-2 | 54.29 | OK | |||
r-devel-windows-x86_64 | 0.3-2 | 4.00 | 77.00 | 81.00 | OK | |
r-patched-linux-x86_64 | 0.3-2 | 3.81 | 32.13 | 35.94 | OK | |
r-release-linux-x86_64 | 0.3-2 | 3.41 | 32.33 | 35.74 | OK | |
r-release-macos-arm64 | 0.3-2 | 21.00 | OK | |||
r-release-macos-x86_64 | 0.3-2 | 34.00 | OK | |||
r-release-windows-x86_64 | 0.3-2 | 4.00 | 110.00 | 114.00 | OK | |
r-oldrel-macos-arm64 | 0.3-2 | 22.00 | OK | |||
r-oldrel-macos-x86_64 | 0.3-2 | 29.00 | OK | |||
r-oldrel-windows-x86_64 | 0.3-2 | 5.00 | 64.00 | 69.00 | OK |
Version: 0.3-2
Check: CRAN incoming feasibility
Result: NOTE
Maintainer: ‘Frederic Bertrand <frederic.bertrand@utt.fr>’
No Authors@R field in DESCRIPTION.
Please add one, modifying
Authors@R: c(person(given = "Nicole",
family = "Kraemer",
role = "aut"),
person(given = c("Mikio", "L."),
family = "Braun",
role = "aut"),
person(given = "Frederic",
family = "Bertrand",
role = "cre",
email = "frederic.bertrand@utt.fr"))
as necessary.
Package CITATION file contains call(s) to old-style personList() or
as.personList(). Please use c() on person objects instead.
Package CITATION file contains call(s) to old-style citEntry(). Please
use bibentry() instead.
Flavors: r-devel-linux-x86_64-debian-clang, r-devel-linux-x86_64-debian-gcc