Last updated on 2025-05-22 12:50:08 CEST.
Flavor | Version | Tinstall | Tcheck | Ttotal | Status | Flags |
---|---|---|---|---|---|---|
r-devel-linux-x86_64-debian-clang | 2.8-5 | 5.98 | 58.33 | 64.31 | OK | |
r-devel-linux-x86_64-debian-gcc | 2.8-5 | 3.80 | 42.11 | 45.91 | OK | |
r-devel-linux-x86_64-fedora-clang | 2.8-5 | 101.99 | OK | |||
r-devel-linux-x86_64-fedora-gcc | 2.8-5 | 109.47 | OK | |||
r-devel-windows-x86_64 | 2.8-5 | 7.00 | 127.00 | 134.00 | OK | |
r-patched-linux-x86_64 | 2.8-5 | 5.81 | 54.94 | 60.75 | OK | |
r-release-linux-x86_64 | 2.8-5 | 4.80 | 55.11 | 59.91 | OK | |
r-release-macos-arm64 | 2.8-5 | 40.00 | OK | |||
r-release-macos-x86_64 | 2.8-5 | 72.00 | OK | |||
r-release-windows-x86_64 | 2.8-5 | 7.00 | 158.00 | 165.00 | OK | |
r-oldrel-macos-arm64 | 2.8-5 | 45.00 | NOTE | |||
r-oldrel-macos-x86_64 | 2.8-5 | 89.00 | NOTE | |||
r-oldrel-windows-x86_64 | 2.8-5 | 9.00 | 104.00 | 113.00 | OK |
Version: 2.8-5
Check: package dependencies
Result: NOTE
Package suggested but not available for checking: ‘Rmpi’
Flavors: r-oldrel-macos-arm64, r-oldrel-macos-x86_64