Last updated on 2025-11-04 11:52:38 CET.
| Flavor | Version | Tinstall | Tcheck | Ttotal | Status | Flags | 
|---|---|---|---|---|---|---|
| r-devel-linux-x86_64-debian-clang | 0.1.6 | 1.97 | 46.38 | 48.35 | NOTE | |
| r-devel-linux-x86_64-debian-gcc | 0.1.6 | 1.61 | 34.73 | 36.34 | NOTE | |
| r-devel-linux-x86_64-fedora-clang | 0.1.6 | 74.24 | NOTE | |||
| r-devel-linux-x86_64-fedora-gcc | 0.1.6 | 84.98 | NOTE | |||
| r-devel-windows-x86_64 | 0.1.6 | 3.00 | 60.00 | 63.00 | OK | |
| r-patched-linux-x86_64 | 0.1.6 | 2.21 | 44.38 | 46.59 | OK | |
| r-release-linux-x86_64 | 0.1.6 | 2.01 | 43.20 | 45.21 | OK | |
| r-release-macos-arm64 | 0.1.6 | 2.00 | 34.00 | 36.00 | OK | |
| r-release-macos-x86_64 | 0.1.6 | 2.00 | 54.00 | 56.00 | OK | |
| r-release-windows-x86_64 | 0.1.6 | 3.00 | 60.00 | 63.00 | OK | |
| r-oldrel-macos-arm64 | 0.1.6 | 1.00 | 34.00 | 35.00 | NOTE | |
| r-oldrel-macos-x86_64 | 0.1.6 | 2.00 | 46.00 | 48.00 | NOTE | |
| r-oldrel-windows-x86_64 | 0.1.6 | 4.00 | 76.00 | 80.00 | NOTE | 
Version: 0.1.6
Check: CRAN incoming feasibility
Result: NOTE
  Maintainer: ‘Tim Bergsma <bergsmat@gmail.com>’
  
  No Authors@R field in DESCRIPTION.
  Please add one, modifying
    Authors@R: person(given = "Tim",
                      family = "Bergsma",
                      role = c("aut", "cre"),
                      email = "bergsmat@gmail.com")
  as necessary.
Flavors: r-devel-linux-x86_64-debian-clang, r-devel-linux-x86_64-debian-gcc
Version: 0.1.6
Check: dependencies in R code
Result: NOTE
  Namespace in Imports field not imported from: ‘graphics’
    All declared Imports should be used.
Flavors: r-devel-linux-x86_64-fedora-clang, r-devel-linux-x86_64-fedora-gcc
Version: 0.1.6
Check: LazyData
Result: NOTE
    'LazyData' is specified without a 'data' directory
Flavors: r-oldrel-macos-arm64, r-oldrel-macos-x86_64, r-oldrel-windows-x86_64