CRAN Package Check Results for Package plotMElm

Last updated on 2025-02-22 11:51:38 CET.

Flavor Version Tinstall Tcheck Ttotal Status Flags
r-devel-linux-x86_64-debian-clang 0.1.5 3.71 35.94 39.65 OK
r-devel-linux-x86_64-debian-gcc 0.1.5 3.47 27.27 30.74 OK
r-devel-linux-x86_64-fedora-clang 0.1.5 62.15 OK
r-devel-linux-x86_64-fedora-gcc 0.1.5 60.20 OK
r-devel-macos-arm64 0.1.5 23.00 OK
r-devel-macos-x86_64 0.1.5 39.00 OK
r-devel-windows-x86_64 0.1.5 7.00 56.00 63.00 OK
r-patched-linux-x86_64 0.1.5 3.97 33.68 37.65 NOTE
r-release-linux-x86_64 0.1.5 4.27 33.77 38.04 NOTE
r-release-macos-arm64 0.1.5 24.00 NOTE
r-release-macos-x86_64 0.1.5 34.00 NOTE
r-release-windows-x86_64 0.1.5 6.00 54.00 60.00 NOTE
r-oldrel-macos-arm64 0.1.5 25.00 NOTE
r-oldrel-macos-x86_64 0.1.5 33.00 NOTE
r-oldrel-windows-x86_64 0.1.5 7.00 59.00 66.00 NOTE

Check Details

Version: 0.1.5
Check: LazyData
Result: NOTE 'LazyData' is specified without a 'data' directory Flavors: r-patched-linux-x86_64, r-release-linux-x86_64, r-release-macos-arm64, r-release-macos-x86_64, r-release-windows-x86_64, r-oldrel-macos-arm64, r-oldrel-macos-x86_64, r-oldrel-windows-x86_64

mirror server hosted at Truenetwork, Russian Federation.