CRAN Package Check Results for Package plgraphics

Last updated on 2025-02-22 11:51:38 CET.

Flavor Version Tinstall Tcheck Ttotal Status Flags
r-devel-linux-x86_64-debian-clang 1.2 15.40 178.27 193.67 NOTE
r-devel-linux-x86_64-debian-gcc 1.2 12.87 117.80 130.67 NOTE
r-devel-linux-x86_64-fedora-clang 1.2 309.45 NOTE
r-devel-linux-x86_64-fedora-gcc 1.2 312.05 NOTE
r-devel-macos-arm64 1.2 93.00 NOTE
r-devel-macos-x86_64 1.2 185.00 NOTE
r-devel-windows-x86_64 1.2 20.00 206.00 226.00 NOTE
r-patched-linux-x86_64 1.2 20.06 164.70 184.76 NOTE
r-release-linux-x86_64 1.2 16.74 164.75 181.49 NOTE
r-release-macos-arm64 1.2 89.00 NOTE
r-release-macos-x86_64 1.2 196.00 NOTE
r-release-windows-x86_64 1.2 19.00 206.00 225.00 NOTE
r-oldrel-macos-arm64 1.2 91.00 OK
r-oldrel-macos-x86_64 1.2 192.00 OK
r-oldrel-windows-x86_64 1.2 24.00 247.00 271.00 OK

Check Details

Version: 1.2
Check: Rd files
Result: NOTE checkRd: (-1) plgraphics-internal.Rd:19: Lost braces 19 | \item{RNAMES}{code{row.names} if \code{x} is a matrix or data.frame, | ^ Flavors: r-devel-linux-x86_64-debian-clang, r-devel-linux-x86_64-debian-gcc, r-devel-linux-x86_64-fedora-clang, r-devel-linux-x86_64-fedora-gcc, r-devel-macos-arm64, r-devel-macos-x86_64, r-devel-windows-x86_64, r-patched-linux-x86_64, r-release-linux-x86_64, r-release-macos-arm64, r-release-macos-x86_64, r-release-windows-x86_64

Version: 1.2
Check: Rd cross-references
Result: NOTE Found the following Rd file(s) with Rd \link{} targets missing package anchors: Tobit.Rd: Surv Please provide package anchors for all Rd \link{} targets not in the package itself and the base packages. Flavors: r-devel-linux-x86_64-debian-clang, r-devel-linux-x86_64-debian-gcc, r-devel-windows-x86_64

mirror server hosted at Truenetwork, Russian Federation.