Last updated on 2025-05-23 12:49:35 CEST.
Flavor | Version | Tinstall | Tcheck | Ttotal | Status | Flags |
---|---|---|---|---|---|---|
r-devel-linux-x86_64-debian-clang | 2.0 | 11.00 | 69.60 | 80.60 | NOTE | |
r-devel-linux-x86_64-debian-gcc | 2.0 | 8.78 | 52.07 | 60.85 | NOTE | |
r-devel-linux-x86_64-fedora-clang | 2.0 | 135.34 | OK | |||
r-devel-linux-x86_64-fedora-gcc | 2.0 | 2.33 | ERROR | |||
r-devel-windows-x86_64 | 2.0 | 12.00 | 140.00 | 152.00 | OK | |
r-patched-linux-x86_64 | 2.0 | 12.44 | 66.70 | 79.14 | OK | |
r-release-linux-x86_64 | 2.0 | 11.83 | 66.08 | 77.91 | OK | |
r-release-macos-arm64 | 2.0 | 80.00 | OK | |||
r-release-macos-x86_64 | 2.0 | 102.00 | OK | |||
r-release-windows-x86_64 | 2.0 | 12.00 | 136.00 | 148.00 | OK | |
r-oldrel-macos-arm64 | 2.0 | 53.00 | OK | |||
r-oldrel-macos-x86_64 | 2.0 | 72.00 | OK | |||
r-oldrel-windows-x86_64 | 2.0 | 13.00 | 84.00 | 97.00 | OK |
Version: 2.0
Check: CRAN incoming feasibility
Result: NOTE
Maintainer: ‘Dhammapal Bharne <dhammapalb@uohyd.ac.in>’
No Authors@R field in DESCRIPTION.
Please add one, modifying
Authors@R: c(person(given = "Dhammapal",
family = "Bharne",
role = c("aut", "cre"),
email = "dhammapalb@uohyd.ac.in"),
person(given = "Vaibhav",
family = "Vindal",
role = "aut"))
as necessary.
Flavors: r-devel-linux-x86_64-debian-clang, r-devel-linux-x86_64-debian-gcc
Version: 2.0
Check: package dependencies
Result: ERROR
Package required but not available: ‘gWidgets2tcltk’
See section ‘The DESCRIPTION file’ in the ‘Writing R Extensions’
manual.
Flavor: r-devel-linux-x86_64-fedora-gcc