Last updated on 2025-11-04 05:51:20 CET.
| Flavor | Version | Tinstall | Tcheck | Ttotal | Status | Flags | 
|---|---|---|---|---|---|---|
| r-devel-linux-x86_64-debian-clang | 2.0 | 11.16 | 73.45 | 84.61 | NOTE | |
| r-devel-linux-x86_64-debian-gcc | 2.0 | 9.81 | 61.49 | 71.30 | NOTE | |
| r-devel-linux-x86_64-fedora-clang | 2.0 | 24.00 | 106.56 | 130.56 | OK | |
| r-devel-linux-x86_64-fedora-gcc | 2.0 | 25.00 | 100.84 | 125.84 | OK | |
| r-devel-windows-x86_64 | 2.0 | 10.00 | 70.00 | 80.00 | OK | |
| r-patched-linux-x86_64 | 2.0 | 11.62 | 67.96 | 79.58 | OK | |
| r-release-linux-x86_64 | 2.0 | 11.41 | 68.28 | 79.69 | OK | |
| r-release-macos-arm64 | 2.0 | 16.00 | 64.00 | 80.00 | OK | |
| r-release-macos-x86_64 | 2.0 | 17.00 | 85.00 | 102.00 | OK | |
| r-release-windows-x86_64 | 2.0 | 11.00 | 69.00 | 80.00 | OK | |
| r-oldrel-macos-arm64 | 2.0 | 9.00 | 44.00 | 53.00 | OK | |
| r-oldrel-macos-x86_64 | 2.0 | 10.00 | 62.00 | 72.00 | OK | |
| r-oldrel-windows-x86_64 | 2.0 | 13.00 | 82.00 | 95.00 | OK | 
Version: 2.0
Check: CRAN incoming feasibility
Result: NOTE
  Maintainer: ‘Dhammapal Bharne <dhammapalb@uohyd.ac.in>’
  
  No Authors@R field in DESCRIPTION.
  Please add one, modifying
    Authors@R: c(person(given = "Dhammapal",
                        family = "Bharne",
                        role = c("aut", "cre"),
                        email = "dhammapalb@uohyd.ac.in"),
                 person(given = "Vaibhav",
                        family = "Vindal",
                        role = "aut"))
  as necessary.
Flavors: r-devel-linux-x86_64-debian-clang, r-devel-linux-x86_64-debian-gcc