Last updated on 2025-05-29 00:48:29 CEST.
Flavor | Version | Tinstall | Tcheck | Ttotal | Status | Flags |
---|---|---|---|---|---|---|
r-devel-linux-x86_64-debian-clang | 1.9 | 13.63 | 108.85 | 122.48 | NOTE | |
r-devel-linux-x86_64-debian-gcc | 1.9 | 9.61 | 77.60 | 87.21 | NOTE | |
r-devel-linux-x86_64-fedora-clang | 1.9 | 188.06 | OK | |||
r-devel-linux-x86_64-fedora-gcc | 1.9 | 190.64 | OK | |||
r-devel-windows-x86_64 | 1.9 | 16.00 | 113.00 | 129.00 | OK | |
r-patched-linux-x86_64 | 1.9 | 12.83 | 100.82 | 113.65 | OK | |
r-release-linux-x86_64 | 1.9 | 12.32 | 101.44 | 113.76 | OK | |
r-release-macos-arm64 | 1.9 | 93.00 | OK | |||
r-release-macos-x86_64 | 1.9 | 104.00 | OK | |||
r-release-windows-x86_64 | 1.9 | 13.00 | 110.00 | 123.00 | OK | |
r-oldrel-macos-arm64 | 1.9 | 50.00 | OK | |||
r-oldrel-macos-x86_64 | 1.9 | 93.00 | OK | |||
r-oldrel-windows-x86_64 | 1.9 | 19.00 | 132.00 | 151.00 | OK |
Version: 1.9
Check: CRAN incoming feasibility
Result: NOTE
Maintainer: ‘Jason Sinnwell <sinnwell.jason@mayo.edu>’
No Authors@R field in DESCRIPTION.
Please add one, modifying
Authors@R: c(person(given = c("Daniel", "J"),
family = "Schaid",
role = "aut"),
person(given = "Jason",
family = "Sinnwell",
role = "cre",
email = "sinnwell.jason@mayo.edu"))
as necessary.
Flavors: r-devel-linux-x86_64-debian-clang, r-devel-linux-x86_64-debian-gcc