Last updated on 2025-07-12 18:49:48 CEST.
Flavor | Version | Tinstall | Tcheck | Ttotal | Status | Flags |
---|---|---|---|---|---|---|
r-devel-linux-x86_64-debian-clang | 0.2.1 | 28.57 | 236.92 | 265.49 | NOTE | |
r-devel-linux-x86_64-debian-gcc | 0.2.1 | 16.78 | 152.66 | 169.44 | NOTE | |
r-devel-linux-x86_64-fedora-clang | 0.2.1 | 404.05 | OK | |||
r-devel-linux-x86_64-fedora-gcc | 0.2.1 | 398.55 | OK | |||
r-devel-windows-x86_64 | 0.2.1 | 26.00 | 178.00 | 204.00 | NOTE | |
r-patched-linux-x86_64 | 0.2.1 | 26.99 | 222.70 | 249.69 | NOTE | |
r-release-linux-x86_64 | 0.2.1 | 25.91 | 222.43 | 248.34 | NOTE | |
r-release-macos-arm64 | 0.2.1 | 88.00 | OK | |||
r-release-macos-x86_64 | 0.2.1 | 179.00 | OK | |||
r-release-windows-x86_64 | 0.2.1 | 23.00 | 178.00 | 201.00 | NOTE | |
r-oldrel-macos-arm64 | 0.2.1 | 80.00 | OK | |||
r-oldrel-macos-x86_64 | 0.2.1 | 138.00 | OK | |||
r-oldrel-windows-x86_64 | 0.2.1 | 34.00 | 250.00 | 284.00 | OK |
Version: 0.2.1
Check: Rd cross-references
Result: NOTE
Found the following Rd file(s) with Rd \link{} targets missing package
anchors:
plainView.Rd: raster, levelplot, brick
plainViewOutput.Rd: shinyWidgetOutput
Please provide package anchors for all Rd \link{} targets not in the
package itself and the base packages.
Flavors: r-devel-linux-x86_64-debian-clang, r-devel-linux-x86_64-debian-gcc, r-devel-windows-x86_64, r-patched-linux-x86_64, r-release-linux-x86_64, r-release-windows-x86_64