Last updated on 2025-11-04 05:51:20 CET.
| Flavor | Version | Tinstall | Tcheck | Ttotal | Status | Flags | 
|---|---|---|---|---|---|---|
| r-devel-linux-x86_64-debian-clang | 1.2.3 | 7.76 | 84.70 | 92.46 | NOTE | |
| r-devel-linux-x86_64-debian-gcc | 1.2.3 | 4.87 | 55.12 | 59.99 | NOTE | |
| r-devel-linux-x86_64-fedora-clang | 1.2.3 | 16.00 | 126.65 | 142.65 | OK | |
| r-devel-linux-x86_64-fedora-gcc | 1.2.3 | 16.00 | 135.55 | 151.55 | OK | |
| r-devel-windows-x86_64 | 1.2.3 | 11.00 | 90.00 | 101.00 | OK | |
| r-patched-linux-x86_64 | 1.2.3 | 7.43 | 81.73 | 89.16 | OK | |
| r-release-linux-x86_64 | 1.2.3 | 7.05 | 73.98 | 81.03 | OK | |
| r-release-macos-arm64 | 1.2.3 | 3.00 | 39.00 | 42.00 | OK | |
| r-release-macos-x86_64 | 1.2.3 | 5.00 | 66.00 | 71.00 | OK | |
| r-release-windows-x86_64 | 1.2.3 | 9.00 | 87.00 | 96.00 | OK | |
| r-oldrel-macos-arm64 | 1.2.3 | 3.00 | 35.00 | 38.00 | OK | |
| r-oldrel-macos-x86_64 | 1.2.3 | 5.00 | 56.00 | 61.00 | OK | |
| r-oldrel-windows-x86_64 | 1.2.3 | 12.00 | 112.00 | 124.00 | OK | 
Version: 1.2.3
Check: CRAN incoming feasibility
Result: NOTE
  Maintainer: ‘Nan-Hung Hsieh <d99622005@ntu.edu.tw>’
  
  Package CITATION file contains call(s) to old-style personList() or
  as.personList().  Please use c() on person objects instead.
  Package CITATION file contains call(s) to old-style citEntry().  Please
  use bibentry() instead.
Flavors: r-devel-linux-x86_64-debian-clang, r-devel-linux-x86_64-debian-gcc