CRAN Package Check Results for Package pkgverse

Last updated on 2025-05-22 12:50:08 CEST.

Flavor Version Tinstall Tcheck Ttotal Status Flags
r-devel-linux-x86_64-debian-clang 0.0.1 1.88 19.16 21.04 OK
r-devel-linux-x86_64-debian-gcc 0.0.1 1.36 15.85 17.21 OK
r-devel-linux-x86_64-fedora-clang 0.0.1 31.59 OK
r-devel-linux-x86_64-fedora-gcc 0.0.1 30.36 OK
r-devel-windows-x86_64 0.0.1 5.00 53.00 58.00 OK
r-patched-linux-x86_64 0.0.1 1.98 17.68 19.66 OK
r-release-linux-x86_64 0.0.1 1.46 17.87 19.33 OK
r-release-macos-arm64 0.0.1 16.00 OK
r-release-macos-x86_64 0.0.1 23.00 OK
r-release-windows-x86_64 0.0.1 5.00 66.00 71.00 OK
r-oldrel-macos-arm64 0.0.1 15.00 NOTE
r-oldrel-macos-x86_64 0.0.1 21.00 NOTE
r-oldrel-windows-x86_64 0.0.1 5.00 42.00 47.00 NOTE

Check Details

Version: 0.0.1
Check: LazyData
Result: NOTE 'LazyData' is specified without a 'data' directory Flavors: r-oldrel-macos-arm64, r-oldrel-macos-x86_64, r-oldrel-windows-x86_64

mirror server hosted at Truenetwork, Russian Federation.