Last updated on 2025-11-04 05:51:20 CET.
| Flavor | Version | Tinstall | Tcheck | Ttotal | Status | Flags | 
|---|---|---|---|---|---|---|
| r-devel-linux-x86_64-debian-clang | 0.4.0 | 6.22 | 55.20 | 61.42 | NOTE | |
| r-devel-linux-x86_64-debian-gcc | 0.4.0 | 3.94 | 41.46 | 45.40 | NOTE | |
| r-devel-linux-x86_64-fedora-clang | 0.4.0 | 15.00 | 80.06 | 95.06 | OK | |
| r-devel-linux-x86_64-fedora-gcc | 0.4.0 | 14.00 | 90.37 | 104.37 | OK | |
| r-devel-windows-x86_64 | 0.4.0 | 7.00 | 72.00 | 79.00 | OK | |
| r-patched-linux-x86_64 | 0.4.0 | 5.81 | 52.35 | 58.16 | OK | |
| r-release-linux-x86_64 | 0.4.0 | 4.97 | 52.36 | 57.33 | OK | |
| r-release-macos-arm64 | 0.4.0 | 3.00 | 35.00 | 38.00 | OK | |
| r-release-macos-x86_64 | 0.4.0 | 7.00 | 77.00 | 84.00 | OK | |
| r-release-windows-x86_64 | 0.4.0 | 7.00 | 70.00 | 77.00 | OK | |
| r-oldrel-macos-arm64 | 0.4.0 | 3.00 | 34.00 | 37.00 | OK | |
| r-oldrel-macos-x86_64 | 0.4.0 | 4.00 | 50.00 | 54.00 | OK | |
| r-oldrel-windows-x86_64 | 0.4.0 | 10.00 | 88.00 | 98.00 | OK | 
Version: 0.4.0
Check: CRAN incoming feasibility
Result: NOTE
  Maintainer: ‘Martin Stingl <martin.stingl@dfv.de>’
  
  No Authors@R field in DESCRIPTION.
  Please add one, modifying
    Authors@R: person(given = "Martin",
                      family = "Stingl",
                      role = c("aut", "cre"),
                      email = "martin.stingl@dfv.de")
  as necessary.
Flavors: r-devel-linux-x86_64-debian-clang, r-devel-linux-x86_64-debian-gcc