Last updated on 2025-02-21 17:50:51 CET.
Flavor | Version | Tinstall | Tcheck | Ttotal | Status | Flags |
---|---|---|---|---|---|---|
r-devel-linux-x86_64-debian-clang | 0.2.2 | 63.23 | 62.42 | 125.65 | OK | |
r-devel-linux-x86_64-debian-gcc | 0.2.2 | 52.06 | 51.44 | 103.50 | OK | |
r-devel-linux-x86_64-fedora-clang | 0.2.2 | 195.52 | OK | |||
r-devel-linux-x86_64-fedora-gcc | 0.2.2 | 242.98 | OK | |||
r-devel-macos-arm64 | 0.2.2 | 64.00 | OK | |||
r-devel-macos-x86_64 | 0.2.2 | 155.00 | OK | |||
r-devel-windows-x86_64 | 0.2.2 | 54.00 | 93.00 | 147.00 | OK | |
r-patched-linux-x86_64 | 0.2.2 | 74.20 | 62.85 | 137.05 | OK | |
r-release-linux-x86_64 | 0.2.2 | 69.51 | 62.12 | 131.63 | OK | |
r-release-macos-arm64 | 0.2.2 | 63.00 | NOTE | |||
r-release-macos-x86_64 | 0.2.2 | 109.00 | NOTE | |||
r-release-windows-x86_64 | 0.2.2 | 54.00 | 97.00 | 151.00 | OK | |
r-oldrel-macos-arm64 | 0.2.2 | 80.00 | NOTE | |||
r-oldrel-macos-x86_64 | 0.2.2 | 114.00 | NOTE | |||
r-oldrel-windows-x86_64 | 0.2.2 | 66.00 | 109.00 | 175.00 | OK |
Version: 0.2.2
Check: installed package size
Result: NOTE
installed size is 25.5Mb
sub-directories of 1Mb or more:
libs 25.3Mb
Flavors: r-release-macos-arm64, r-release-macos-x86_64, r-oldrel-macos-arm64, r-oldrel-macos-x86_64