Last updated on 2025-07-13 06:48:33 CEST.
Flavor | Version | Tinstall | Tcheck | Ttotal | Status | Flags |
---|---|---|---|---|---|---|
r-devel-linux-x86_64-debian-clang | 0.9.11 | 16.04 | 131.03 | 147.07 | NOTE | |
r-devel-linux-x86_64-debian-gcc | 0.9.11 | 11.11 | 93.77 | 104.88 | NOTE | |
r-devel-linux-x86_64-fedora-clang | 0.9.11 | 230.83 | NOTE | |||
r-devel-linux-x86_64-fedora-gcc | 0.9.11 | 230.66 | NOTE | |||
r-devel-windows-x86_64 | 0.9.11 | 22.00 | 137.00 | 159.00 | NOTE | |
r-patched-linux-x86_64 | 0.9.11 | 14.75 | 125.48 | 140.23 | NOTE | |
r-release-linux-x86_64 | 0.9.11 | 15.82 | 123.10 | 138.92 | NOTE | |
r-release-macos-arm64 | 0.9.11 | 69.00 | NOTE | |||
r-release-macos-x86_64 | 0.9.11 | 127.00 | NOTE | |||
r-release-windows-x86_64 | 0.9.11 | 22.00 | 145.00 | 167.00 | NOTE | |
r-oldrel-macos-arm64 | 0.9.11 | 61.00 | NOTE | |||
r-oldrel-macos-x86_64 | 0.9.11 | 99.00 | NOTE | |||
r-oldrel-windows-x86_64 | 0.9.11 | 28.00 | 164.00 | 192.00 | NOTE |
Version: 0.9.11
Check: Rd files
Result: NOTE
checkRd: (-1) phylter.Rd:51: Lost braces; missing escapes or markup?
51 | the output ({out$DiscardedGenes}).}
| ^
Flavors: r-devel-linux-x86_64-debian-clang, r-devel-linux-x86_64-debian-gcc, r-devel-linux-x86_64-fedora-clang, r-devel-linux-x86_64-fedora-gcc, r-devel-windows-x86_64, r-patched-linux-x86_64, r-release-linux-x86_64, r-release-macos-arm64, r-release-macos-x86_64, r-release-windows-x86_64, r-oldrel-macos-arm64, r-oldrel-macos-x86_64, r-oldrel-windows-x86_64