Last updated on 2025-11-04 05:51:20 CET.
| Flavor | Version | Tinstall | Tcheck | Ttotal | Status | Flags | 
|---|---|---|---|---|---|---|
| r-devel-linux-x86_64-debian-clang | 2.0.2 | 2.47 | 513.50 | 515.97 | NOTE | |
| r-devel-linux-x86_64-debian-gcc | 2.0.2 | 2.06 | 273.68 | 275.74 | NOTE | |
| r-devel-linux-x86_64-fedora-clang | 2.0.2 | 823.28 | OK | |||
| r-devel-linux-x86_64-fedora-gcc | 2.0.2 | 874.06 | OK | |||
| r-devel-windows-x86_64 | 2.0.2 | 6.00 | 71.00 | 77.00 | OK | --no-vignettes | 
| r-patched-linux-x86_64 | 2.0.2 | 3.10 | 486.06 | 489.16 | OK | |
| r-release-linux-x86_64 | 2.0.2 | 2.56 | 486.56 | 489.12 | OK | |
| r-release-macos-arm64 | 2.0.2 | 1.00 | 199.00 | 200.00 | OK | |
| r-release-macos-x86_64 | 2.0.2 | 4.00 | 502.00 | 506.00 | OK | |
| r-release-windows-x86_64 | 2.0.2 | 4.00 | 69.00 | 73.00 | OK | --no-vignettes | 
| r-oldrel-macos-arm64 | 2.0.2 | 1.00 | 194.00 | 195.00 | OK | |
| r-oldrel-macos-x86_64 | 2.0.2 | 3.00 | 381.00 | 384.00 | OK | |
| r-oldrel-windows-x86_64 | 2.0.2 | 7.00 | 86.00 | 93.00 | OK | --no-vignettes | 
Version: 2.0.2
Check: CRAN incoming feasibility
Result: NOTE
  Maintainer: ‘Pedro Tarroso <ptarroso@cibio.up.pt>’
  
  No Authors@R field in DESCRIPTION.
  Please add one, modifying
    Authors@R: c(person(given = "Pedro",
                        family = "Tarroso",
                        role = c("aut", "cre"),
                        email = "ptarroso@cibio.up.pt"),
                 person(given = "Guillermo",
                        family = "Velo-Anton",
                        role = "aut"),
                 person(given = "Silvia",
                        family = "Carvalho",
                        role = "aut"))
  as necessary.
  
  Package CITATION file contains call(s) to old-style personList() or
  as.personList().  Please use c() on person objects instead.
  Package CITATION file contains call(s) to old-style citEntry().  Please
  use bibentry() instead.
Flavors: r-devel-linux-x86_64-debian-clang, r-devel-linux-x86_64-debian-gcc