CRAN Package Check Results for Package phrases

Last updated on 2025-05-28 00:49:09 CEST.

Flavor Version Tinstall Tcheck Ttotal Status Flags
r-devel-linux-x86_64-debian-clang 0.1 1.97 16.91 18.88 OK
r-devel-linux-x86_64-debian-gcc 0.1 1.49 14.63 16.12 OK
r-devel-linux-x86_64-fedora-clang 0.1 28.68 NOTE
r-devel-linux-x86_64-fedora-gcc 0.1 25.99 NOTE
r-devel-windows-x86_64 0.1 5.00 37.00 42.00 OK
r-patched-linux-x86_64 0.1 1.89 15.56 17.45 OK
r-release-linux-x86_64 0.1 1.23 15.26 16.49 OK
r-release-macos-arm64 0.1 28.00 OK
r-release-macos-x86_64 0.1 28.00 OK
r-release-windows-x86_64 0.1 3.00 39.00 42.00 OK
r-oldrel-macos-arm64 0.1 14.00 OK
r-oldrel-macos-x86_64 0.1 18.00 OK
r-oldrel-windows-x86_64 0.1 5.00 41.00 46.00 OK

Check Details

Version: 0.1
Check: dependencies in R code
Result: NOTE Namespaces in Imports field not imported from: ‘tidyverse’ ‘usethis’ All declared Imports should be used. Flavors: r-devel-linux-x86_64-fedora-clang, r-devel-linux-x86_64-fedora-gcc

mirror server hosted at Truenetwork, Russian Federation.