Last updated on 2025-11-28 12:48:45 CET.
| Flavor | Version | Tinstall | Tcheck | Ttotal | Status | Flags |
|---|---|---|---|---|---|---|
| r-devel-linux-x86_64-debian-clang | 1.1.5 | 4.45 | 117.97 | 122.42 | NOTE | |
| r-devel-linux-x86_64-debian-gcc | 1.1.5 | 2.57 | 83.09 | 85.66 | NOTE | |
| r-devel-linux-x86_64-fedora-clang | 1.1.5 | 191.24 | OK | |||
| r-devel-linux-x86_64-fedora-gcc | 1.1.5 | 11.00 | 183.13 | 194.13 | OK | |
| r-devel-windows-x86_64 | 1.1.5 | 8.00 | 146.00 | 154.00 | OK | |
| r-patched-linux-x86_64 | 1.1.5 | 4.86 | 113.63 | 118.49 | OK | |
| r-release-linux-x86_64 | 1.1.5 | 4.31 | 113.57 | 117.88 | OK | |
| r-release-macos-arm64 | 1.1.5 | OK | ||||
| r-release-macos-x86_64 | 1.1.5 | 6.00 | 182.00 | 188.00 | OK | |
| r-release-windows-x86_64 | 1.1.5 | 7.00 | 154.00 | 161.00 | OK | |
| r-oldrel-macos-arm64 | 1.1.5 | OK | ||||
| r-oldrel-macos-x86_64 | 1.1.5 | 3.00 | 125.00 | 128.00 | OK | |
| r-oldrel-windows-x86_64 | 1.1.5 | 8.00 | 177.00 | 185.00 | OK |
Version: 1.1.5
Check: CRAN incoming feasibility
Result: NOTE
Maintainer: ‘Koen Hufkens <koen.hufkens@gmail.com>’
Package CITATION file contains call(s) to old-style personList() or
as.personList(). Please use c() on person objects instead.
Package CITATION file contains call(s) to old-style citEntry(). Please
use bibentry() instead.
Flavors: r-devel-linux-x86_64-debian-clang, r-devel-linux-x86_64-debian-gcc