Last updated on 2025-11-04 05:51:19 CET.
| Flavor | Version | Tinstall | Tcheck | Ttotal | Status | Flags | 
|---|---|---|---|---|---|---|
| r-devel-linux-x86_64-debian-clang | 1.2.9 | 13.85 | 126.94 | 140.79 | NOTE | |
| r-devel-linux-x86_64-debian-gcc | 1.2.9 | 9.77 | 88.49 | 98.26 | NOTE | |
| r-devel-linux-x86_64-fedora-clang | 1.2.9 | 34.00 | 178.20 | 212.20 | NOTE | |
| r-devel-linux-x86_64-fedora-gcc | 1.2.9 | 29.00 | 173.65 | 202.65 | NOTE | |
| r-devel-windows-x86_64 | 1.2.9 | 15.00 | 124.00 | 139.00 | NOTE | |
| r-patched-linux-x86_64 | 1.2.9 | 13.43 | 122.42 | 135.85 | NOTE | |
| r-release-linux-x86_64 | 1.2.9 | 12.21 | 121.78 | 133.99 | NOTE | |
| r-release-macos-arm64 | 1.2.9 | 5.00 | 58.00 | 63.00 | NOTE | |
| r-release-macos-x86_64 | 1.2.9 | 11.00 | 110.00 | 121.00 | NOTE | |
| r-release-windows-x86_64 | 1.2.9 | 15.00 | 123.00 | 138.00 | NOTE | |
| r-oldrel-macos-arm64 | 1.2.9 | 5.00 | 44.00 | 49.00 | NOTE | |
| r-oldrel-macos-x86_64 | 1.2.9 | 9.00 | 69.00 | 78.00 | NOTE | |
| r-oldrel-windows-x86_64 | 1.2.9 | 20.00 | 168.00 | 188.00 | NOTE | 
Version: 1.2.9
Check: Rd files
Result: NOTE
  checkRd: (-1) rosePlotsAct.Rd:19: Lost braces; missing escapes or markup?
      19 | A \code{plotly} {htmlwidget} with rose plots for locomotor activity.
         |                 ^
  checkRd: (-1) rosePlotsSleep.Rd:19: Lost braces; missing escapes or markup?
      19 | #' @return A \code{plotly} {htmlwidget} with rose plots for sleep data.
         |                            ^
Flavors: r-devel-linux-x86_64-debian-clang, r-devel-linux-x86_64-debian-gcc, r-devel-linux-x86_64-fedora-clang, r-devel-linux-x86_64-fedora-gcc, r-devel-windows-x86_64, r-patched-linux-x86_64, r-release-linux-x86_64, r-release-macos-arm64, r-release-macos-x86_64, r-release-windows-x86_64, r-oldrel-macos-arm64, r-oldrel-macos-x86_64, r-oldrel-windows-x86_64