Last updated on 2025-11-04 05:51:19 CET.
| Flavor | Version | Tinstall | Tcheck | Ttotal | Status | Flags | 
|---|---|---|---|---|---|---|
| r-devel-linux-x86_64-debian-clang | 1.6 | 7.12 | 60.65 | 67.77 | NOTE | |
| r-devel-linux-x86_64-debian-gcc | 1.6 | 5.23 | 44.13 | 49.36 | NOTE | |
| r-devel-linux-x86_64-fedora-clang | 1.6 | 15.00 | 83.89 | 98.89 | OK | |
| r-devel-linux-x86_64-fedora-gcc | 1.6 | 14.00 | 82.63 | 96.63 | OK | |
| r-devel-windows-x86_64 | 1.6 | 8.00 | 68.00 | 76.00 | OK | |
| r-patched-linux-x86_64 | 1.6 | 7.34 | 57.83 | 65.17 | OK | |
| r-release-linux-x86_64 | 1.6 | 7.12 | 57.08 | 64.20 | OK | |
| r-release-macos-arm64 | 1.6 | 4.00 | 30.00 | 34.00 | OK | |
| r-release-macos-x86_64 | 1.6 | 7.00 | 57.00 | 64.00 | OK | |
| r-release-windows-x86_64 | 1.6 | 8.00 | 67.00 | 75.00 | OK | |
| r-oldrel-macos-arm64 | 1.6 | 3.00 | 29.00 | 32.00 | NOTE | |
| r-oldrel-macos-x86_64 | 1.6 | 5.00 | 42.00 | 47.00 | NOTE | |
| r-oldrel-windows-x86_64 | 1.6 | 10.00 | 89.00 | 99.00 | NOTE | 
Version: 1.6
Check: CRAN incoming feasibility
Result: NOTE
  Maintainer: ‘Yang Feng <yangfengstat@gmail.com>’
  
  The Description field contains
    projection as introduced in Fan, Feng and Xia (2019)<arXiv:1501.01617>.
  Please refer to arXiv e-prints via their arXiv DOI <doi:10.48550/arXiv.YYMM.NNNNN>.
Flavors: r-devel-linux-x86_64-debian-clang, r-devel-linux-x86_64-debian-gcc
Version: 1.6
Check: LazyData
Result: NOTE
    'LazyData' is specified without a 'data' directory
Flavors: r-oldrel-macos-arm64, r-oldrel-macos-x86_64, r-oldrel-windows-x86_64