Last updated on 2025-11-04 13:50:21 CET.
| Flavor | Version | Tinstall | Tcheck | Ttotal | Status | Flags |
|---|---|---|---|---|---|---|
| r-devel-linux-x86_64-debian-clang | 0.8.2 | 3.16 | 47.57 | 50.73 | NOTE | |
| r-devel-linux-x86_64-debian-gcc | 0.8.2 | 2.09 | 36.22 | 38.31 | NOTE | |
| r-devel-linux-x86_64-fedora-clang | 0.8.2 | 74.50 | NOTE | |||
| r-devel-linux-x86_64-fedora-gcc | 0.8.2 | 84.19 | NOTE | |||
| r-devel-windows-x86_64 | 0.8.2 | 4.00 | 66.00 | 70.00 | NOTE | |
| r-patched-linux-x86_64 | 0.8.2 | 3.20 | 44.38 | 47.58 | NOTE | |
| r-release-linux-x86_64 | 0.8.2 | 2.98 | 43.97 | 46.95 | NOTE | |
| r-release-macos-arm64 | 0.8.2 | 2.00 | 33.00 | 35.00 | NOTE | |
| r-release-macos-x86_64 | 0.8.2 | 4.00 | 75.00 | 79.00 | NOTE | |
| r-release-windows-x86_64 | 0.8.2 | 4.00 | 62.00 | 66.00 | NOTE | |
| r-oldrel-macos-arm64 | 0.8.2 | 2.00 | 36.00 | 38.00 | NOTE | |
| r-oldrel-macos-x86_64 | 0.8.2 | 2.00 | 73.00 | 75.00 | NOTE | |
| r-oldrel-windows-x86_64 | 0.8.2 | 6.00 | 78.00 | 84.00 | NOTE |
Version: 0.8.2
Check: package subdirectories
Result: NOTE
Problems with news in ‘NEWS.md’:
Cannot extract version info from the following section titles:
Fixed issues
Flavors: r-devel-linux-x86_64-debian-clang, r-devel-linux-x86_64-debian-gcc, r-devel-linux-x86_64-fedora-clang, r-devel-linux-x86_64-fedora-gcc, r-devel-windows-x86_64, r-patched-linux-x86_64, r-release-linux-x86_64, r-release-macos-arm64, r-release-macos-x86_64, r-release-windows-x86_64, r-oldrel-macos-arm64, r-oldrel-macos-x86_64, r-oldrel-windows-x86_64
Version: 0.8.2
Check: LazyData
Result: NOTE
'LazyData' is specified without a 'data' directory
Flavors: r-oldrel-macos-arm64, r-oldrel-macos-x86_64, r-oldrel-windows-x86_64