Last updated on 2025-11-04 05:51:19 CET.
| Flavor | Version | Tinstall | Tcheck | Ttotal | Status | Flags | 
|---|---|---|---|---|---|---|
| r-devel-linux-x86_64-debian-clang | 0.0.3 | 3.69 | 34.87 | 38.56 | NOTE | |
| r-devel-linux-x86_64-debian-gcc | 0.0.3 | 2.88 | 27.10 | 29.98 | NOTE | |
| r-devel-linux-x86_64-fedora-clang | 0.0.3 | 56.81 | OK | |||
| r-devel-linux-x86_64-fedora-gcc | 0.0.3 | 55.58 | OK | |||
| r-devel-windows-x86_64 | 0.0.3 | 6.00 | 54.00 | 60.00 | OK | |
| r-patched-linux-x86_64 | 0.0.3 | 4.26 | 33.31 | 37.57 | OK | |
| r-release-linux-x86_64 | 0.0.3 | 3.35 | 32.99 | 36.34 | OK | |
| r-release-macos-arm64 | 0.0.3 | 2.00 | 22.00 | 24.00 | OK | |
| r-release-macos-x86_64 | 0.0.3 | 3.00 | 31.00 | 34.00 | OK | |
| r-release-windows-x86_64 | 0.0.3 | 7.00 | 53.00 | 60.00 | OK | |
| r-oldrel-macos-arm64 | 0.0.3 | 2.00 | 19.00 | 21.00 | OK | |
| r-oldrel-macos-x86_64 | 0.0.3 | 3.00 | 29.00 | 32.00 | OK | |
| r-oldrel-windows-x86_64 | 0.0.3 | 7.00 | 67.00 | 74.00 | OK | 
Version: 0.0.3
Check: CRAN incoming feasibility
Result: NOTE
  Maintainer: ‘Gabriel Kaiser <quantresearch.gk@gmail.com>’
  
  Found the following \keyword or \concept entries
  which likely give several index terms:
    File ‘perplexR-package.Rd’:
      \keyword{annotate;}
Flavors: r-devel-linux-x86_64-debian-clang, r-devel-linux-x86_64-debian-gcc