Last updated on 2025-11-04 11:52:38 CET.
| Flavor | Version | Tinstall | Tcheck | Ttotal | Status | Flags | 
|---|---|---|---|---|---|---|
| r-devel-linux-x86_64-debian-clang | 1.1-6 | 9.87 | 137.07 | 146.94 | NOTE | |
| r-devel-linux-x86_64-debian-gcc | 1.1-6 | 7.37 | 99.40 | 106.77 | NOTE | |
| r-devel-linux-x86_64-fedora-clang | 1.1-6 | 50.00 | 211.25 | 261.25 | NOTE | |
| r-devel-linux-x86_64-fedora-gcc | 1.1-6 | 36.00 | 220.67 | 256.67 | NOTE | |
| r-devel-windows-x86_64 | 1.1-6 | 12.00 | 167.00 | 179.00 | NOTE | |
| r-patched-linux-x86_64 | 1.1-6 | 10.80 | 147.76 | 158.56 | OK | |
| r-release-linux-x86_64 | 1.1-6 | 9.89 | 132.57 | 142.46 | OK | |
| r-release-macos-arm64 | 1.1-6 | 5.00 | 99.00 | 104.00 | OK | |
| r-release-macos-x86_64 | 1.1-6 | 9.00 | 137.00 | 146.00 | OK | |
| r-release-windows-x86_64 | 1.1-6 | 11.00 | 157.00 | 168.00 | OK | |
| r-oldrel-macos-arm64 | 1.1-6 | 4.00 | 74.00 | 78.00 | OK | |
| r-oldrel-macos-x86_64 | 1.1-6 | 19.00 | 155.00 | 174.00 | OK | |
| r-oldrel-windows-x86_64 | 1.1-6 | 17.00 | 209.00 | 226.00 | OK | 
Version: 1.1-6
Check: Rd files
Result: NOTE
  checkRd: (-1) megaminx.Rd:28-41: Only 4 columns allowed in this table (row 1 has 3)
  checkRd: (-1) megaminx.Rd:28-41: Only 4 columns allowed in this table (row 2 has 3)
  checkRd: (-1) megaminx.Rd:28-41: Only 4 columns allowed in this table (row 3 has 3)
  checkRd: (-1) megaminx.Rd:28-41: Only 4 columns allowed in this table (row 4 has 3)
  checkRd: (-1) megaminx.Rd:28-41: Only 4 columns allowed in this table (row 5 has 3)
  checkRd: (-1) megaminx.Rd:28-41: Only 4 columns allowed in this table (row 6 has 3)
  checkRd: (-1) megaminx.Rd:28-41: Only 4 columns allowed in this table (row 7 has 3)
  checkRd: (-1) megaminx.Rd:28-41: Only 4 columns allowed in this table (row 8 has 3)
  checkRd: (-1) megaminx.Rd:28-41: Only 4 columns allowed in this table (row 9 has 3)
  checkRd: (-1) megaminx.Rd:28-41: Only 4 columns allowed in this table (row 10 has 3)
  checkRd: (-1) megaminx.Rd:28-41: Only 4 columns allowed in this table (row 11 has 3)
  checkRd: (-1) megaminx.Rd:28-41: Only 4 columns allowed in this table (row 12 has 3)
Flavors: r-devel-linux-x86_64-debian-clang, r-devel-linux-x86_64-debian-gcc, r-devel-linux-x86_64-fedora-clang, r-devel-linux-x86_64-fedora-gcc, r-devel-windows-x86_64