Last updated on 2025-11-03 23:50:26 CET.
| Flavor | Version | Tinstall | Tcheck | Ttotal | Status | Flags | 
|---|---|---|---|---|---|---|
| r-devel-linux-x86_64-debian-clang | 0.5.0 | 5.25 | 72.11 | 77.36 | NOTE | |
| r-devel-linux-x86_64-debian-gcc | 0.5.0 | 4.07 | 54.91 | 58.98 | NOTE | |
| r-devel-linux-x86_64-fedora-clang | 0.5.0 | 14.00 | 100.80 | 114.80 | OK | |
| r-devel-linux-x86_64-fedora-gcc | 0.5.0 | 13.00 | 105.71 | 118.71 | OK | |
| r-devel-windows-x86_64 | 0.5.0 | 9.00 | 119.00 | 128.00 | OK | |
| r-patched-linux-x86_64 | 0.5.0 | 6.00 | 67.62 | 73.62 | OK | |
| r-release-linux-x86_64 | 0.5.0 | 4.66 | 67.64 | 72.30 | OK | |
| r-release-macos-arm64 | 0.5.0 | 2.00 | 57.00 | 59.00 | OK | |
| r-release-macos-x86_64 | 0.5.0 | 5.00 | 86.00 | 91.00 | OK | |
| r-release-windows-x86_64 | 0.5.0 | 8.00 | 95.00 | 103.00 | OK | |
| r-oldrel-macos-arm64 | 0.5.0 | 3.00 | 43.00 | 46.00 | OK | |
| r-oldrel-macos-x86_64 | 0.5.0 | 4.00 | 64.00 | 68.00 | OK | |
| r-oldrel-windows-x86_64 | 0.5.0 | 11.00 | 126.00 | 137.00 | OK | 
Version: 0.5.0
Check: CRAN incoming feasibility
Result: NOTE
  Maintainer: ‘Nathan Sheffield <nathan@code.databio.org>’
  
  The BugReports field in DESCRIPTION has
    https://github.com/pepkit/pepr
  which should likely be
    https://github.com/pepkit/pepr/issues
  instead.
Flavors: r-devel-linux-x86_64-debian-clang, r-devel-linux-x86_64-debian-gcc