Last updated on 2025-05-28 00:49:09 CEST.
Flavor | Version | Tinstall | Tcheck | Ttotal | Status | Flags |
---|---|---|---|---|---|---|
r-devel-linux-x86_64-debian-clang | 0.0.1 | 12.37 | 26.45 | 38.82 | NOTE | |
r-devel-linux-x86_64-debian-gcc | 0.0.1 | 9.53 | 21.34 | 30.87 | NOTE | |
r-devel-linux-x86_64-fedora-clang | 0.0.1 | 65.10 | OK | |||
r-devel-linux-x86_64-fedora-gcc | 0.0.1 | 62.41 | OK | |||
r-devel-windows-x86_64 | 0.0.1 | 15.00 | 62.00 | 77.00 | OK | |
r-patched-linux-x86_64 | 0.0.1 | 13.47 | 25.45 | 38.92 | OK | |
r-release-linux-x86_64 | 0.0.1 | 13.59 | 25.58 | 39.17 | OK | |
r-release-macos-arm64 | 0.0.1 | 23.00 | OK | |||
r-release-macos-x86_64 | 0.0.1 | 41.00 | OK | |||
r-release-windows-x86_64 | 0.0.1 | 15.00 | 65.00 | 80.00 | OK | |
r-oldrel-macos-arm64 | 0.0.1 | 21.00 | OK | |||
r-oldrel-macos-x86_64 | 0.0.1 | 30.00 | OK | |||
r-oldrel-windows-x86_64 | 0.0.1 | 15.00 | 75.00 | 90.00 | OK |
Version: 0.0.1
Check: CRAN incoming feasibility
Result: NOTE
Maintainer: ‘Fabio Demarqui <fndemarqui@est.ufmg.br>’
Package CITATION file contains call(s) to old-style personList() or
as.personList(). Please use c() on person objects instead.
Package CITATION file contains call(s) to old-style citEntry(). Please
use bibentry() instead.
Flavors: r-devel-linux-x86_64-debian-clang, r-devel-linux-x86_64-debian-gcc