CRAN Package Check Results for Package pensynth

Last updated on 2025-10-14 12:50:31 CEST.

Flavor Version Tinstall Tcheck Ttotal Status Flags
r-devel-linux-x86_64-debian-clang 0.5.1 1.71 31.52 33.23 NOTE
r-devel-linux-x86_64-debian-gcc 0.5.1 1.44 24.72 26.16 NOTE
r-devel-linux-x86_64-fedora-clang 0.8.1 64.41 OK
r-devel-linux-x86_64-fedora-gcc 0.8.1 62.59 OK
r-devel-windows-x86_64 0.8.1 4.00 57.00 61.00 OK
r-patched-linux-x86_64 0.5.1 2.23 30.02 32.25 NOTE
r-release-linux-x86_64 0.5.1 1.94 29.82 31.76 NOTE
r-release-macos-arm64 0.8.1 24.00 OK
r-release-macos-x86_64 0.8.1 49.00 OK
r-release-windows-x86_64 0.5.1 3.00 53.00 56.00 NOTE
r-oldrel-macos-arm64 0.8.1 28.00 OK
r-oldrel-macos-x86_64 0.8.1 63.00 OK
r-oldrel-windows-x86_64 0.5.1 4.00 59.00 63.00 OK

Check Details

Version: 0.5.1
Check: DESCRIPTION meta-information
Result: NOTE Missing dependency on R >= 4.1.0 because package code uses the pipe |> or function shorthand \(...) syntax added in R 4.1.0. File(s) using such syntax: ‘cv_pensynth.R’ Flavors: r-devel-linux-x86_64-debian-clang, r-devel-linux-x86_64-debian-gcc, r-patched-linux-x86_64, r-release-linux-x86_64, r-release-windows-x86_64

mirror server hosted at Truenetwork, Russian Federation.