Last updated on 2025-11-04 11:52:38 CET.
| Flavor | Version | Tinstall | Tcheck | Ttotal | Status | Flags | 
|---|---|---|---|---|---|---|
| r-devel-linux-x86_64-debian-clang | 0.1.5 | 1145.34 | 294.32 | 1439.66 | OK | |
| r-devel-linux-x86_64-debian-gcc | 0.1.5 | 1050.08 | 292.68 | 1342.76 | OK | |
| r-devel-linux-x86_64-fedora-clang | 0.1.5 | 2400.00 | -253.80 | 2146.20 | OK | |
| r-devel-linux-x86_64-fedora-gcc | 0.1.5 | 3300.00 | -162.66 | 3137.34 | OK | |
| r-devel-windows-x86_64 | 0.1.5 | 1284.00 | 377.00 | 1661.00 | OK | |
| r-patched-linux-x86_64 | 0.1.5 | 1370.93 | 414.33 | 1785.26 | OK | |
| r-release-linux-x86_64 | 0.1.5 | 1407.02 | 409.89 | 1816.91 | OK | |
| r-release-macos-arm64 | 0.1.5 | 462.00 | 125.00 | 587.00 | OK | |
| r-release-macos-x86_64 | 0.1.5 | 359.00 | 170.00 | 529.00 | OK | |
| r-release-windows-x86_64 | 0.1.5 | 1250.00 | 378.00 | 1628.00 | OK | |
| r-oldrel-macos-arm64 | 0.1.5 | 431.00 | 133.00 | 564.00 | NOTE | |
| r-oldrel-macos-x86_64 | 0.1.5 | 366.00 | 187.00 | 553.00 | NOTE | |
| r-oldrel-windows-x86_64 | 0.1.5 | 1462.00 | 477.00 | 1939.00 | NOTE | 
Version: 0.1.5
Check: installed package size
Result: NOTE
    installed size is 151.8Mb
    sub-directories of 1Mb or more:
      libs  150.6Mb
Flavors: r-oldrel-macos-arm64, r-oldrel-macos-x86_64, r-oldrel-windows-x86_64
Version: 0.1.5
Check: for GNU extensions in Makefiles
Result: NOTE
  GNU make is a SystemRequirements.
Flavors: r-oldrel-macos-arm64, r-oldrel-macos-x86_64, r-oldrel-windows-x86_64