CRAN Package Check Results for Package pedometrics

Last updated on 2025-05-22 06:51:53 CEST.

Flavor Version Tinstall Tcheck Ttotal Status Flags
r-devel-linux-x86_64-debian-clang 0.12.1 12.97 43.68 56.65 NOTE
r-devel-linux-x86_64-debian-gcc 0.12.1 7.96 31.81 39.77 NOTE
r-devel-linux-x86_64-fedora-clang 0.12.1 92.86 NOTE
r-devel-linux-x86_64-fedora-gcc 0.12.1 87.07 NOTE
r-devel-windows-x86_64 0.12.1 19.00 84.00 103.00 NOTE
r-patched-linux-x86_64 0.12.1 12.95 40.80 53.75 NOTE
r-release-linux-x86_64 0.12.1 11.15 40.49 51.64 NOTE
r-release-macos-arm64 0.12.1 32.00 NOTE
r-release-macos-x86_64 0.12.1 47.00 NOTE
r-release-windows-x86_64 0.12.1 17.00 83.00 100.00 NOTE
r-oldrel-macos-arm64 0.12.1 28.00 NOTE
r-oldrel-macos-x86_64 0.12.1 42.00 NOTE
r-oldrel-windows-x86_64 0.12.1 19.00 99.00 118.00 NOTE

Check Details

Version: 0.12.1
Check: Rd files
Result: NOTE checkRd: (-1) variogramGuess.Rd:94: Lost braces 94 | Method \code{"b"} was proposed by \doi{10.1016/0098-3004(95)00095-X}{Jian et al. (1996)} and | ^ checkRd: (-1) variogramGuess.Rd:98: Lost braces 98 | \doi{10.1016/j.cageo.2008.10.011}{Hiemstra et al. (2009)}. | ^ checkRd: (-1) variogramGuess.Rd:100: Lost braces 100 | Method \code{"d"} was developed by \doi{10.1007/s11004-012-9434-1}{Desassis & Renard (2012)}. | ^ Flavors: r-devel-linux-x86_64-debian-clang, r-devel-linux-x86_64-debian-gcc, r-devel-linux-x86_64-fedora-clang, r-devel-linux-x86_64-fedora-gcc, r-devel-windows-x86_64, r-patched-linux-x86_64, r-release-linux-x86_64, r-release-macos-arm64, r-release-macos-x86_64, r-release-windows-x86_64, r-oldrel-macos-arm64, r-oldrel-macos-x86_64, r-oldrel-windows-x86_64

mirror server hosted at Truenetwork, Russian Federation.