Last updated on 2025-07-15 00:50:09 CEST.
Flavor | Version | Tinstall | Tcheck | Ttotal | Status | Flags |
---|---|---|---|---|---|---|
r-devel-linux-x86_64-debian-clang | 1.2.0 | 26.38 | 562.71 | 589.09 | OK | |
r-devel-linux-x86_64-debian-gcc | 1.2.0 | 18.77 | 395.95 | 414.72 | OK | |
r-devel-linux-x86_64-fedora-clang | 1.2.0 | 907.08 | OK | |||
r-devel-linux-x86_64-fedora-gcc | 1.2.0 | 1010.33 | OK | |||
r-devel-windows-x86_64 | 1.2.0 | 28.00 | 518.00 | 546.00 | OK | |
r-patched-linux-x86_64 | 1.2.0 | 29.40 | 547.79 | 577.19 | OK | |
r-release-linux-x86_64 | 1.2.0 | 28.28 | 543.28 | 571.56 | OK | |
r-release-macos-arm64 | 1.2.0 | 186.00 | OK | |||
r-release-macos-x86_64 | 1.2.0 | 365.00 | OK | |||
r-release-windows-x86_64 | 1.2.0 | 30.00 | 526.00 | 556.00 | OK | |
r-oldrel-macos-arm64 | 1.2.0 | 188.00 | NOTE | |||
r-oldrel-macos-x86_64 | 1.2.0 | 325.00 | NOTE | |||
r-oldrel-windows-x86_64 | 1.2.0 | 39.00 | 707.00 | 746.00 | NOTE |
Version: 1.2.0
Check: package dependencies
Result: NOTE
Package suggested but not available for checking: ‘cmdstanr’
Flavors: r-oldrel-macos-arm64, r-oldrel-macos-x86_64, r-oldrel-windows-x86_64