Last updated on 2025-05-22 18:52:13 CEST.
Flavor | Version | Tinstall | Tcheck | Ttotal | Status | Flags |
---|---|---|---|---|---|---|
r-devel-linux-x86_64-debian-clang | 1.5.4 | 1115.41 | 238.97 | 1354.38 | OK | |
r-devel-linux-x86_64-debian-gcc | 1.5.4 | 1036.42 | 236.47 | 1272.89 | OK | |
r-devel-linux-x86_64-fedora-clang | 1.5.4 | 2019.00 | NOTE | |||
r-devel-linux-x86_64-fedora-gcc | 1.5.4 | 3170.84 | NOTE | |||
r-devel-windows-x86_64 | 1.5.4 | 1160.00 | 383.00 | 1543.00 | OK | |
r-patched-linux-x86_64 | 1.5.4 | 1338.26 | 340.33 | 1678.59 | OK | |
r-release-linux-x86_64 | 1.5.4 | 1254.19 | 338.85 | 1593.04 | OK | |
r-release-macos-arm64 | 1.5.4 | 527.00 | OK | |||
r-release-macos-x86_64 | 1.5.4 | 666.00 | OK | |||
r-release-windows-x86_64 | 1.5.4 | 1170.00 | 383.00 | 1553.00 | OK | |
r-oldrel-macos-arm64 | 1.5.4 | 304.00 | NOTE | |||
r-oldrel-macos-x86_64 | 1.5.4 | 262.00 | NOTE | |||
r-oldrel-windows-x86_64 | 1.5.4 | 1306.00 | 481.00 | 1787.00 | NOTE |
Version: 1.5.4
Check: dependencies in R code
Result: NOTE
Namespace in Imports field not imported from: ‘rstantools’
All declared Imports should be used.
Flavors: r-devel-linux-x86_64-fedora-clang, r-devel-linux-x86_64-fedora-gcc
Version: 1.5.4
Check: installed package size
Result: NOTE
installed size is 154.6Mb
sub-directories of 1Mb or more:
doc 2.9Mb
libs 151.0Mb
Flavors: r-oldrel-macos-arm64, r-oldrel-macos-x86_64, r-oldrel-windows-x86_64
Version: 1.5.4
Check: for GNU extensions in Makefiles
Result: NOTE
GNU make is a SystemRequirements.
Flavors: r-oldrel-macos-arm64, r-oldrel-macos-x86_64, r-oldrel-windows-x86_64