Last updated on 2025-11-04 05:51:19 CET.
| Flavor | Version | Tinstall | Tcheck | Ttotal | Status | Flags | 
|---|---|---|---|---|---|---|
| r-devel-linux-x86_64-debian-clang | 0.5-47 | 13.98 | 26.43 | 40.41 | NOTE | |
| r-devel-linux-x86_64-debian-gcc | 0.5-47 | 10.38 | 21.81 | 32.19 | NOTE | |
| r-devel-linux-x86_64-fedora-clang | 0.5-47 | 48.00 | 20.93 | 68.93 | OK | |
| r-devel-linux-x86_64-fedora-gcc | 0.5-47 | 25.00 | 36.10 | 61.10 | OK | |
| r-devel-windows-x86_64 | 0.5-47 | 22.00 | 57.00 | 79.00 | OK | |
| r-patched-linux-x86_64 | 0.5-47 | 13.30 | 23.81 | 37.11 | OK | |
| r-release-linux-x86_64 | 0.5-47 | 13.11 | 23.92 | 37.03 | OK | |
| r-release-macos-arm64 | 0.5-47 | 8.00 | 17.00 | 25.00 | OK | |
| r-release-macos-x86_64 | 0.5-47 | 27.00 | 33.00 | 60.00 | OK | |
| r-release-windows-x86_64 | 0.5-47 | 20.00 | 56.00 | 76.00 | OK | |
| r-oldrel-macos-arm64 | 0.5-47 | 6.00 | 19.00 | 25.00 | OK | |
| r-oldrel-macos-x86_64 | 0.5-47 | 11.00 | 24.00 | 35.00 | OK | |
| r-oldrel-windows-x86_64 | 0.5-47 | 24.00 | 74.00 | 98.00 | OK | 
Version: 0.5-47
Check: CRAN incoming feasibility
Result: NOTE
  Maintainer: ‘Alexander Robitzsch <robitzsch@ipn.uni-kiel.de>’
  
  No Authors@R field in DESCRIPTION.
  Please add one, modifying
    Authors@R: person(given = "Alexander",
                      family = "Robitzsch",
                      role = c("aut", "cre"),
                      email = "robitzsch@ipn.uni-kiel.de",
                      comment = c(ORCID = "0000-0002-8226-3132"))
  as necessary.
Flavors: r-devel-linux-x86_64-debian-clang, r-devel-linux-x86_64-debian-gcc