Last updated on 2025-05-22 18:52:13 CEST.
Flavor | Version | Tinstall | Tcheck | Ttotal | Status | Flags |
---|---|---|---|---|---|---|
r-devel-linux-x86_64-debian-clang | 0.9.0 | 146.37 | 349.82 | 496.19 | OK | |
r-devel-linux-x86_64-debian-gcc | 0.9.0 | 82.97 | 236.66 | 319.63 | OK | |
r-devel-linux-x86_64-fedora-clang | 0.9.0 | 768.15 | OK | |||
r-devel-linux-x86_64-fedora-gcc | 0.9.0 | 736.33 | OK | |||
r-devel-windows-x86_64 | 0.9.0 | 144.00 | 824.00 | 968.00 | OK | |
r-patched-linux-x86_64 | 0.9.0 | 168.91 | 325.11 | 494.02 | OK | |
r-release-linux-x86_64 | 0.9.0 | 144.02 | 323.99 | 468.01 | OK | |
r-release-macos-arm64 | 0.9.0 | 197.00 | OK | |||
r-release-macos-x86_64 | 0.9.0 | 408.00 | OK | |||
r-release-windows-x86_64 | 0.9.0 | 141.00 | 1067.00 | 1208.00 | OK | |
r-oldrel-macos-arm64 | 0.9.0 | 178.00 | NOTE | |||
r-oldrel-macos-x86_64 | 0.9.0 | 359.00 | NOTE | |||
r-oldrel-windows-x86_64 | 0.9.0 | 197.00 | 649.00 | 846.00 | NOTE |
Version: 0.9.0
Check: installed package size
Result: NOTE
installed size is 7.8Mb
sub-directories of 1Mb or more:
R 3.1Mb
help 4.4Mb
Flavors: r-oldrel-macos-arm64, r-oldrel-macos-x86_64, r-oldrel-windows-x86_64