Last updated on 2025-11-04 11:52:38 CET.
| Flavor | Version | Tinstall | Tcheck | Ttotal | Status | Flags | 
|---|---|---|---|---|---|---|
| r-devel-linux-x86_64-debian-clang | 0.9.0 | 155.49 | 324.28 | 479.77 | OK | |
| r-devel-linux-x86_64-debian-gcc | 0.9.0 | 94.61 | 214.83 | 309.44 | OK | |
| r-devel-linux-x86_64-fedora-clang | 0.9.0 | 379.00 | 354.35 | 733.35 | OK | |
| r-devel-linux-x86_64-fedora-gcc | 0.9.0 | 348.00 | 288.38 | 636.38 | OK | |
| r-devel-windows-x86_64 | 0.9.0 | 151.00 | 589.00 | 740.00 | OK | |
| r-patched-linux-x86_64 | 0.9.0 | 174.30 | 303.61 | 477.91 | OK | |
| r-release-linux-x86_64 | 0.9.0 | 151.62 | 300.80 | 452.42 | OK | |
| r-release-macos-arm64 | 0.9.0 | 65.00 | 120.00 | 185.00 | OK | |
| r-release-macos-x86_64 | 0.9.0 | 150.00 | 224.00 | 374.00 | OK | |
| r-release-windows-x86_64 | 0.9.0 | 151.00 | 462.00 | 613.00 | OK | |
| r-oldrel-macos-arm64 | 0.9.0 | 59.00 | 102.00 | 161.00 | NOTE | |
| r-oldrel-macos-x86_64 | 0.9.0 | 134.00 | 188.00 | 322.00 | NOTE | |
| r-oldrel-windows-x86_64 | 0.9.0 | 211.00 | 655.00 | 866.00 | NOTE | 
Version: 0.9.0
Check: installed package size
Result: NOTE
    installed size is  8.0Mb
    sub-directories of 1Mb or more:
      R      4.1Mb
      help   3.8Mb
Flavors: r-oldrel-macos-arm64, r-oldrel-macos-x86_64, r-oldrel-windows-x86_64