Last updated on 2025-07-10 06:50:26 CEST.
Flavor | Version | Tinstall | Tcheck | Ttotal | Status | Flags |
---|---|---|---|---|---|---|
r-devel-linux-x86_64-debian-clang | 0.9.0 | 104.74 | 236.61 | 341.35 | OK | |
r-devel-linux-x86_64-debian-gcc | 0.9.0 | 59.35 | 155.98 | 215.33 | OK | |
r-devel-linux-x86_64-fedora-clang | 0.9.0 | 487.35 | OK | |||
r-devel-linux-x86_64-fedora-gcc | 0.9.0 | 448.40 | OK | |||
r-devel-windows-x86_64 | 0.9.0 | 94.00 | 378.00 | 472.00 | OK | |
r-patched-linux-x86_64 | 0.9.0 | 111.63 | 215.60 | 327.23 | OK | |
r-release-linux-x86_64 | 0.9.0 | 87.13 | 216.08 | 303.21 | OK | |
r-release-macos-arm64 | 0.9.0 | 158.00 | OK | |||
r-release-macos-x86_64 | 0.9.0 | 274.00 | OK | |||
r-release-windows-x86_64 | 0.9.0 | 94.00 | 379.00 | 473.00 | OK | |
r-oldrel-macos-arm64 | 0.9.0 | 116.00 | NOTE | |||
r-oldrel-macos-x86_64 | 0.9.0 | 248.00 | NOTE | |||
r-oldrel-windows-x86_64 | 0.9.0 | 130.00 | 410.00 | 540.00 | OK |
Version: 0.9.0
Check: installed package size
Result: NOTE
installed size is 5.7Mb
sub-directories of 1Mb or more:
R 3.1Mb
help 2.5Mb
Flavors: r-oldrel-macos-arm64, r-oldrel-macos-x86_64