Last updated on 2025-02-22 11:51:37 CET.
Flavor | Version | Tinstall | Tcheck | Ttotal | Status | Flags |
---|---|---|---|---|---|---|
r-devel-linux-x86_64-debian-clang | 0.0.5 | 47.10 | 357.46 | 404.56 | NOTE | |
r-devel-linux-x86_64-debian-gcc | 0.0.5 | 31.99 | 230.25 | 262.24 | NOTE | |
r-devel-linux-x86_64-fedora-clang | 0.0.5 | 665.46 | NOTE | |||
r-devel-linux-x86_64-fedora-gcc | 0.0.5 | 610.11 | NOTE | |||
r-devel-macos-arm64 | 0.0.5 | 136.00 | NOTE | |||
r-devel-macos-x86_64 | 0.0.5 | 464.00 | NOTE | |||
r-devel-windows-x86_64 | 0.0.5 | 44.00 | 290.00 | 334.00 | NOTE | |
r-patched-linux-x86_64 | 0.0.5 | 45.25 | 330.80 | 376.05 | NOTE | |
r-release-linux-x86_64 | 0.0.5 | 47.48 | 328.27 | 375.75 | NOTE | |
r-release-macos-arm64 | 0.0.5 | 116.00 | NOTE | |||
r-release-macos-x86_64 | 0.0.5 | 378.00 | NOTE | |||
r-release-windows-x86_64 | 0.0.5 | 46.00 | 281.00 | 327.00 | NOTE | |
r-oldrel-macos-arm64 | 0.0.5 | 140.00 | OK | |||
r-oldrel-macos-x86_64 | 0.0.5 | 314.00 | OK | |||
r-oldrel-windows-x86_64 | 0.0.5 | 62.00 | 393.00 | 455.00 | OK |
Version: 0.0.5
Check: Rd files
Result: NOTE
checkRd: (-1) plotHeat.Rd:113: Lost braces
113 | code{\link[patternize]{patPCA}}, as 'one' when visualizing single image or as 'multi' for multi
| ^
Flavors: r-devel-linux-x86_64-debian-clang, r-devel-linux-x86_64-debian-gcc, r-devel-linux-x86_64-fedora-clang, r-devel-linux-x86_64-fedora-gcc, r-devel-macos-arm64, r-devel-macos-x86_64, r-devel-windows-x86_64, r-patched-linux-x86_64, r-release-linux-x86_64, r-release-macos-arm64, r-release-macos-x86_64, r-release-windows-x86_64