Last updated on 2025-05-21 01:49:33 CEST.
Flavor | Version | Tinstall | Tcheck | Ttotal | Status | Flags |
---|---|---|---|---|---|---|
r-devel-linux-x86_64-debian-clang | 1.0.5 | 2.21 | 25.23 | 27.44 | NOTE | |
r-devel-linux-x86_64-debian-gcc | 1.0.5 | 2.14 | 20.37 | 22.51 | NOTE | |
r-devel-linux-x86_64-fedora-clang | 1.0.5 | 43.66 | OK | |||
r-devel-linux-x86_64-fedora-gcc | 1.0.5 | 41.81 | OK | |||
r-devel-windows-x86_64 | 1.0.5 | 3.00 | 55.00 | 58.00 | OK | |
r-patched-linux-x86_64 | 1.0.5 | 2.12 | 24.30 | 26.42 | OK | |
r-release-linux-x86_64 | 1.0.5 | 2.36 | 24.85 | 27.21 | OK | |
r-release-macos-arm64 | 1.0.5 | 20.00 | OK | |||
r-release-macos-x86_64 | 1.0.5 | 28.00 | OK | |||
r-release-windows-x86_64 | 1.0.5 | 3.00 | 40.00 | 43.00 | OK | |
r-oldrel-macos-arm64 | 1.0.5 | 18.00 | OK | |||
r-oldrel-macos-x86_64 | 1.0.5 | 25.00 | OK | |||
r-oldrel-windows-x86_64 | 1.0.5 | 3.00 | 49.00 | 52.00 | OK |
Version: 1.0.5
Check: CRAN incoming feasibility
Result: NOTE
Maintainer: ‘Steven Andrew Culpepper <sculpepp@illinois.edu>’
Package CITATION file contains call(s) to old-style personList() or
as.personList(). Please use c() on person objects instead.
Package CITATION file contains call(s) to old-style citEntry(). Please
use bibentry() instead.
Flavors: r-devel-linux-x86_64-debian-clang, r-devel-linux-x86_64-debian-gcc