Last updated on 2025-11-04 11:52:38 CET.
| Flavor | Version | Tinstall | Tcheck | Ttotal | Status | Flags | 
|---|---|---|---|---|---|---|
| r-devel-linux-x86_64-debian-clang | 0.1.0 | 4.74 | 40.26 | 45.00 | OK | |
| r-devel-linux-x86_64-debian-gcc | 0.1.0 | 3.41 | 29.33 | 32.74 | OK | |
| r-devel-linux-x86_64-fedora-clang | 0.1.0 | 12.00 | 55.71 | 67.71 | NOTE | |
| r-devel-linux-x86_64-fedora-gcc | 0.1.0 | 63.63 | NOTE | |||
| r-devel-windows-x86_64 | 0.1.0 | 6.00 | 52.00 | 58.00 | OK | |
| r-patched-linux-x86_64 | 0.1.0 | 4.72 | 37.91 | 42.63 | OK | |
| r-release-linux-x86_64 | 0.1.0 | 3.86 | 38.61 | 42.47 | OK | |
| r-release-macos-arm64 | 0.1.0 | 2.00 | 22.00 | 24.00 | OK | |
| r-release-macos-x86_64 | 0.1.0 | 4.00 | 37.00 | 41.00 | OK | |
| r-release-windows-x86_64 | 0.1.0 | 6.00 | 53.00 | 59.00 | OK | |
| r-oldrel-macos-arm64 | 0.1.0 | 2.00 | 19.00 | 21.00 | OK | |
| r-oldrel-macos-x86_64 | 0.1.0 | 3.00 | 29.00 | 32.00 | OK | |
| r-oldrel-windows-x86_64 | 0.1.0 | 8.00 | 64.00 | 72.00 | OK | 
Version: 0.1.0
Check: dependencies in R code
Result: NOTE
  Namespaces in Imports field not imported from:
    ‘testthat’ ‘usethis’ ‘utils’
    All declared Imports should be used.
Flavors: r-devel-linux-x86_64-fedora-clang, r-devel-linux-x86_64-fedora-gcc