Last updated on 2025-11-04 05:51:19 CET.
| Flavor | Version | Tinstall | Tcheck | Ttotal | Status | Flags | 
|---|---|---|---|---|---|---|
| r-devel-linux-x86_64-debian-clang | 0.2.1 | 1.46 | 17.31 | 18.77 | NOTE | |
| r-devel-linux-x86_64-debian-gcc | 0.2.1 | 1.31 | 14.93 | 16.24 | NOTE | |
| r-devel-linux-x86_64-fedora-clang | 0.2.1 | 27.64 | OK | |||
| r-devel-linux-x86_64-fedora-gcc | 0.2.1 | 26.02 | OK | |||
| r-devel-windows-x86_64 | 0.2.1 | 3.00 | 36.00 | 39.00 | OK | |
| r-patched-linux-x86_64 | 0.2.1 | 1.60 | 16.28 | 17.88 | OK | |
| r-release-linux-x86_64 | 0.2.1 | 1.61 | 16.28 | 17.89 | OK | |
| r-release-macos-arm64 | 0.2.1 | 1.00 | 17.00 | 18.00 | OK | |
| r-release-macos-x86_64 | 0.2.1 | 2.00 | 25.00 | 27.00 | OK | |
| r-release-windows-x86_64 | 0.2.1 | 2.00 | 35.00 | 37.00 | OK | |
| r-oldrel-macos-arm64 | 0.2.1 | 1.00 | 12.00 | 13.00 | OK | |
| r-oldrel-macos-x86_64 | 0.2.1 | 1.00 | 16.00 | 17.00 | OK | |
| r-oldrel-windows-x86_64 | 0.2.1 | 3.00 | 41.00 | 44.00 | OK | 
Version: 0.2.1
Check: CRAN incoming feasibility
Result: NOTE
  Maintainer: ‘Stéphane Laurent <laurent_step@outlook.fr>’
  
  No Authors@R field in DESCRIPTION.
  Please add one, modifying
    Authors@R: person(given = "Stéphane",
                      family = "Laurent",
                      role = c("aut", "cre"),
                      email = "laurent_step@outlook.fr")
  as necessary.
Flavors: r-devel-linux-x86_64-debian-clang, r-devel-linux-x86_64-debian-gcc