CRAN Package Check Results for Package parallelMap

Last updated on 2025-10-14 12:50:31 CEST.

Flavor Version Tinstall Tcheck Ttotal Status Flags
r-devel-linux-x86_64-debian-clang 1.5.1 3.27 51.48 54.75 OK
r-devel-linux-x86_64-debian-gcc 1.5.1 2.30 41.98 44.28 OK
r-devel-linux-x86_64-fedora-clang 1.5.1 77.12 OK
r-devel-linux-x86_64-fedora-gcc 1.5.1 75.06 OK
r-devel-windows-x86_64 1.5.1 3.00 75.00 78.00 OK
r-patched-linux-x86_64 1.5.1 3.27 50.24 53.51 OK
r-release-linux-x86_64 1.5.1 2.88 51.01 53.89 OK
r-release-macos-arm64 1.5.1 36.00 OK
r-release-macos-x86_64 1.5.1 61.00 OK
r-release-windows-x86_64 1.5.1 4.00 77.00 81.00 OK
r-oldrel-macos-arm64 1.5.1 32.00 NOTE
r-oldrel-macos-x86_64 1.5.1 47.00 NOTE
r-oldrel-windows-x86_64 1.5.1 5.00 92.00 97.00 OK

Check Details

Version: 1.5.1
Check: package dependencies
Result: NOTE Package suggested but not available for checking: ‘Rmpi’ Flavors: r-oldrel-macos-arm64, r-oldrel-macos-x86_64

mirror server hosted at Truenetwork, Russian Federation.