Last updated on 2025-05-19 18:50:34 CEST.
Flavor | Version | Tinstall | Tcheck | Ttotal | Status | Flags |
---|---|---|---|---|---|---|
r-devel-linux-x86_64-debian-clang | 2.0 | 1.94 | 22.22 | 24.16 | NOTE | |
r-devel-linux-x86_64-debian-gcc | 2.0 | 1.52 | 16.60 | 18.12 | NOTE | |
r-devel-linux-x86_64-fedora-clang | 2.0 | 36.79 | OK | |||
r-devel-linux-x86_64-fedora-gcc | 2.0 | 35.30 | OK | |||
r-devel-windows-x86_64 | 2.0 | 3.00 | 50.00 | 53.00 | OK | |
r-patched-linux-x86_64 | 2.0 | 1.86 | 21.15 | 23.01 | OK | |
r-release-linux-x86_64 | 2.0 | 1.88 | 20.41 | 22.29 | OK | |
r-release-macos-arm64 | 2.0 | 15.00 | OK | |||
r-release-macos-x86_64 | 2.0 | 30.00 | OK | |||
r-release-windows-x86_64 | 2.0 | 3.00 | 50.00 | 53.00 | OK | |
r-oldrel-macos-arm64 | 2.0 | 15.00 | OK | |||
r-oldrel-macos-x86_64 | 2.0 | 28.00 | OK | |||
r-oldrel-windows-x86_64 | 2.0 | 3.00 | 45.00 | 48.00 | OK |
Version: 2.0
Check: CRAN incoming feasibility
Result: NOTE
Maintainer: ‘Erin Conlon <econlon@umass.edu>’
No Authors@R field in DESCRIPTION.
Please add one, modifying
Authors@R: c(person(given = "Alexey",
family = "Miroshnikov",
role = "aut"),
person(given = "Erin",
family = "Conlon",
role = c("aut", "cre"),
email = "econlon@umass.edu"))
as necessary.
Flavors: r-devel-linux-x86_64-debian-clang, r-devel-linux-x86_64-debian-gcc