Last updated on 2024-05-28 12:56:24 CEST.
Flavor | Version | Tinstall | Tcheck | Ttotal | Status | Flags |
---|---|---|---|---|---|---|
r-devel-linux-x86_64-debian-clang | 1.2.13 | 15.18 | 156.95 | 172.13 | NOTE | |
r-devel-linux-x86_64-debian-gcc | 1.2.13 | 13.13 | 124.70 | 137.83 | NOTE | |
r-devel-linux-x86_64-fedora-clang | 1.2.13 | 224.41 | NOTE | |||
r-devel-linux-x86_64-fedora-gcc | 1.2.13 | 207.73 | NOTE | |||
r-devel-windows-x86_64 | 1.2.13 | 15.00 | 147.00 | 162.00 | NOTE | |
r-patched-linux-x86_64 | 1.2.13 | 10.14 | 153.63 | 163.77 | NOTE | |
r-release-linux-x86_64 | 1.2.13 | 10.65 | 153.17 | 163.82 | NOTE | |
r-release-macos-arm64 | 1.2.13 | 64.00 | NOTE | |||
r-release-windows-x86_64 | 1.2.13 | 14.00 | 142.00 | 156.00 | NOTE | |
r-oldrel-macos-arm64 | 1.2.13 | 73.00 | NOTE | |||
r-oldrel-macos-x86_64 | 1.2.13 | 116.00 | NOTE | |||
r-oldrel-windows-x86_64 | 1.2.13 | 20.00 | 177.00 | 197.00 | NOTE |
Version: 1.2.13
Check: LazyData
Result: NOTE
'LazyData' is specified without a 'data' directory
Flavors: r-devel-linux-x86_64-debian-clang, r-devel-linux-x86_64-debian-gcc, r-devel-linux-x86_64-fedora-clang, r-devel-linux-x86_64-fedora-gcc, r-devel-windows-x86_64, r-patched-linux-x86_64, r-release-linux-x86_64, r-release-macos-arm64, r-release-windows-x86_64, r-oldrel-macos-arm64, r-oldrel-macos-x86_64, r-oldrel-windows-x86_64