Last updated on 2025-07-19 06:48:37 CEST.
Flavor | Version | Tinstall | Tcheck | Ttotal | Status | Flags |
---|---|---|---|---|---|---|
r-devel-linux-x86_64-debian-clang | 1.1.5 | 19.90 | 54.67 | 74.57 | NOTE | |
r-devel-linux-x86_64-debian-gcc | 1.1.5 | 14.84 | 39.21 | 54.05 | NOTE | |
r-devel-linux-x86_64-fedora-clang | 1.1.5 | 135.38 | OK | |||
r-devel-linux-x86_64-fedora-gcc | 1.1.5 | 117.50 | OK | |||
r-devel-windows-x86_64 | 1.1.5 | 28.00 | 96.00 | 124.00 | NOTE | |
r-patched-linux-x86_64 | 1.1.5 | 20.85 | 56.94 | 77.79 | NOTE | |
r-release-linux-x86_64 | 1.1.5 | 20.43 | 58.41 | 78.84 | NOTE | |
r-release-macos-arm64 | 1.1.5 | 37.00 | OK | |||
r-release-macos-x86_64 | 1.1.5 | 58.00 | OK | |||
r-release-windows-x86_64 | 1.1.5 | 28.00 | 96.00 | 124.00 | NOTE | |
r-oldrel-macos-arm64 | 1.1.5 | 34.00 | OK | |||
r-oldrel-macos-x86_64 | 1.1.5 | 45.00 | OK | |||
r-oldrel-windows-x86_64 | 1.1.5 | 33.00 | 117.00 | 150.00 | OK |
Version: 1.1.5
Check: CRAN incoming feasibility
Result: NOTE
Maintainer: ‘Ben Stevenson <ben.stevenson@auckland.ac.nz>’
No Authors@R field in DESCRIPTION.
Please add one, modifying
Authors@R: person(given = "Ben",
family = "Stevenson",
role = c("aut", "cre"),
email = "ben.stevenson@auckland.ac.nz")
as necessary.
Flavors: r-devel-linux-x86_64-debian-clang, r-devel-linux-x86_64-debian-gcc
Version: 1.1.5
Check: Rd cross-references
Result: NOTE
Found the following Rd file(s) with Rd \link{} targets missing package
anchors:
confint.palm.Rd: boot
fit.ns.Rd: bobyqa
fit.void.Rd: bobyqa
Please provide package anchors for all Rd \link{} targets not in the
package itself and the base packages.
Flavors: r-devel-linux-x86_64-debian-clang, r-devel-linux-x86_64-debian-gcc, r-devel-windows-x86_64, r-patched-linux-x86_64, r-release-linux-x86_64, r-release-windows-x86_64