Last updated on 2025-11-04 05:51:19 CET.
| Flavor | Version | Tinstall | Tcheck | Ttotal | Status | Flags | 
|---|---|---|---|---|---|---|
| r-devel-linux-x86_64-debian-clang | 1.6.0 | 3.94 | 56.23 | 60.17 | NOTE | |
| r-devel-linux-x86_64-debian-gcc | 1.6.0 | 2.95 | 40.46 | 43.41 | NOTE | |
| r-devel-linux-x86_64-fedora-clang | 1.6.0 | 11.00 | 78.10 | 89.10 | OK | |
| r-devel-linux-x86_64-fedora-gcc | 1.6.0 | 85.53 | OK | |||
| r-devel-windows-x86_64 | 1.6.0 | 7.00 | 70.00 | 77.00 | OK | |
| r-patched-linux-x86_64 | 1.6.0 | 4.31 | 51.34 | 55.65 | OK | |
| r-release-linux-x86_64 | 1.6.0 | 3.63 | 51.13 | 54.76 | OK | |
| r-release-macos-arm64 | 1.6.0 | 2.00 | 32.00 | 34.00 | OK | |
| r-release-macos-x86_64 | 1.6.0 | 4.00 | 44.00 | 48.00 | OK | |
| r-release-windows-x86_64 | 1.6.0 | 7.00 | 69.00 | 76.00 | OK | |
| r-oldrel-macos-arm64 | 1.6.0 | 2.00 | 26.00 | 28.00 | OK | |
| r-oldrel-macos-x86_64 | 1.6.0 | 3.00 | 44.00 | 47.00 | OK | |
| r-oldrel-windows-x86_64 | 1.6.0 | 7.00 | 84.00 | 91.00 | OK | 
Version: 1.6.0
Check: CRAN incoming feasibility
Result: NOTE
  Maintainer: ‘Emil Hvitfeldt <emilhhvitfeldt@gmail.com>’
  
  No Authors@R field in DESCRIPTION.
  Please add one, modifying
    Authors@R: c(person(given = c("See", "AUTHORS"),
                        family = "file.",
                        role = "aut"),
                 person(given = "Emil",
                        family = "Hvitfeldt",
                        role = "cre",
                        email = "emilhhvitfeldt@gmail.com"))
  as necessary.
Flavors: r-devel-linux-x86_64-debian-clang, r-devel-linux-x86_64-debian-gcc