Last updated on 2025-11-04 05:51:19 CET.
| Flavor | Version | Tinstall | Tcheck | Ttotal | Status | Flags | 
|---|---|---|---|---|---|---|
| r-devel-linux-x86_64-debian-clang | 3.4.7 | 23.01 | 341.08 | 364.09 | NOTE | |
| r-devel-linux-x86_64-debian-gcc | 3.4.7 | 16.08 | 204.52 | 220.60 | NOTE | |
| r-devel-linux-x86_64-fedora-clang | 3.4.7 | 47.00 | 529.69 | 576.69 | OK | |
| r-devel-linux-x86_64-fedora-gcc | 3.4.7 | 49.00 | 502.00 | 551.00 | OK | |
| r-devel-windows-x86_64 | 3.4.7 | 28.00 | 302.00 | 330.00 | OK | |
| r-patched-linux-x86_64 | 3.4.7 | 26.45 | 320.56 | 347.01 | OK | |
| r-release-linux-x86_64 | 3.4.7 | 24.72 | 323.90 | 348.62 | OK | |
| r-release-macos-arm64 | 3.4.7 | 10.00 | 123.00 | 133.00 | OK | |
| r-release-macos-x86_64 | 3.4.7 | 25.00 | 299.00 | 324.00 | OK | |
| r-release-windows-x86_64 | 3.4.7 | 26.00 | 305.00 | 331.00 | OK | |
| r-oldrel-macos-arm64 | 3.4.7 | 11.00 | 117.00 | 128.00 | OK | |
| r-oldrel-macos-x86_64 | 3.4.7 | 31.00 | 348.00 | 379.00 | OK | |
| r-oldrel-windows-x86_64 | 3.4.7 | 36.00 | 404.00 | 440.00 | OK | 
Version: 3.4.7
Check: CRAN incoming feasibility
Result: NOTE
  Maintainer: ‘David W. Bapst <dwbapst@gmail.com>’
  
  No Authors@R field in DESCRIPTION.
  Please add one, modifying
    Authors@R: c(person(given = c("David", "W."),
                        family = "Bapst",
                        role = c("aut", "cre"),
                        email = "dwbapst@gmail.com"),
                 person(given = c("Peter", "J."),
                        family = "Wagner",
                        role = "aut"))
  as necessary.
Flavors: r-devel-linux-x86_64-debian-clang, r-devel-linux-x86_64-debian-gcc